000
CDUS42 KFFC 250817
CLIATL


CLIMATE REPORT
NATIONAL WEATHER SERVICE PEACHTREE CITY GA
416 AM EDT WED APR 25 2018


...................................

...THE ATLANTA CLIMATE SUMMARY FOR APRIL 24 2018...

CLIMATE NORMAL PERIOD 1981 TO 2010
CLIMATE RECORD PERIOD 1878 TO 2018


WEATHER ITEM   OBSERVED TIME   RECORD YEAR NORMAL DEPARTURE LAST
                VALUE   (LST)  VALUE       VALUE  FROM      YEAR
                                                  NORMAL
..................................................................
TEMPERATURE (F)
 YESTERDAY
  MAXIMUM         70    347 PM  93    1925  75     -5       65
  MINIMUM         58   1159 PM  34    2005  54      4       52
  AVERAGE         64                        64      0       59

PRECIPITATION (IN)
  YESTERDAY        0.02          2.74 1945   0.11  -0.09     0.08
  MONTH TO DATE    6.24                      2.69   3.55     5.74
  SINCE MAR 1     11.10                      7.50   3.60     8.42
  SINCE JAN 1     20.47                     16.37   4.10    18.47

DEGREE DAYS
 HEATING
  YESTERDAY        1                         3     -2        6
  MONTH TO DATE  148                       127     21       47
  SINCE MAR 1    500                       469     31      310
  SINCE JUL 1   2444                      2724   -280     1666

 COOLING
  YESTERDAY        0                         2     -2        0
  MONTH TO DATE   19                        36    -17       90
  SINCE MAR 1     23                        48    -25      135
  SINCE JAN 1     50                        49      1      140
..................................................................


WIND (MPH)
  RESULTANT WIND SPEED   9   RESULTANT WIND DIRECTION   W (290)
  HIGHEST WIND SPEED    17   HIGHEST WIND DIRECTION     W (280)
  HIGHEST GUST SPEED    23   HIGHEST GUST DIRECTION    SW (240)
  AVERAGE WIND SPEED     9.7


SKY COVER
  AVERAGE SKY COVER 0.7


WEATHER CONDITIONS
 THE FOLLOWING WEATHER WAS RECORDED YESTERDAY.
  LIGHT RAIN
  FOG


RELATIVE HUMIDITY (PERCENT)
 HIGHEST   100           200 AM
 LOWEST     63           400 PM
 AVERAGE    82

..........................................................


THE ATLANTA CLIMATE NORMALS FOR TODAY
                         NORMAL    RECORD    YEAR
 MAXIMUM TEMPERATURE (F)   75        88      1989
                                             1896
 MINIMUM TEMPERATURE (F)   54        32      1910


SUNRISE AND SUNSET
APRIL 25 2018.........SUNRISE   655 AM EDT   SUNSET   816 PM EDT
APRIL 26 2018.........SUNRISE   654 AM EDT   SUNSET   817 PM EDT


-  INDICATES NEGATIVE NUMBERS.
R  INDICATES RECORD WAS SET OR TIED.
MM INDICATES DATA IS MISSING.
T  INDICATES TRACE AMOUNT.




$$
