000
CDUS43 KABR 240733
CLIATY


CLIMATE REPORT
NATIONAL WEATHER SERVICE ABERDEEN SD
232 AM CDT TUE APR 24 2018


...................................

...THE WATERTOWN SD CLIMATE SUMMARY FOR APRIL 23 2018...

CLIMATE NORMAL PERIOD 1981 TO 2010
CLIMATE RECORD PERIOD 1898 TO 2018


WEATHER ITEM   OBSERVED TIME   RECORD YEAR NORMAL DEPARTURE LAST
                VALUE   (LST)  VALUE       VALUE  FROM      YEAR
                                                  NORMAL
..................................................................
TEMPERATURE (F)
 YESTERDAY
  MAXIMUM         67    436 PM  89    1939  60      7       69
  MINIMUM         35    528 AM  11    2013  35      0       33
  AVERAGE         51                        48      3       51

PRECIPITATION (IN)
  YESTERDAY        0.00          1.65 1932   0.07  -0.07     0.00
  MONTH TO DATE    0.82                      1.44  -0.62     1.70
  SINCE MAR 1      2.23                      2.55  -0.32     2.03
  SINCE JAN 1      3.08                      3.63  -0.55     2.81

SNOWFALL (IN)
  YESTERDAY        0.0
  MONTH TO DATE   17.5
  SINCE OCT 1     53.1
  SINCE JUL 1     53.1
  SNOW DEPTH       0

DEGREE DAYS
 HEATING
  YESTERDAY       14                        18     -4       14
  MONTH TO DATE  812                       524    288      440
  SINCE MAR 1   1966                      1628    338     1517
  SINCE JUL 1   8333                      8039    294     7118

 COOLING
  YESTERDAY        0                         0      0        0
  MONTH TO DATE    0                         0      0        0
  SINCE MAR 1      0                         0      0        0
  SINCE JAN 1      0                         0      0        0
..................................................................


WIND (MPH)
  HIGHEST WIND SPEED    10   HIGHEST WIND DIRECTION    SE (130)
  HIGHEST GUST SPEED    14   HIGHEST GUST DIRECTION     E (110)
  AVERAGE WIND SPEED     5.8


SKY COVER
  POSSIBLE SUNSHINE  MM
  AVERAGE SKY COVER 0.3


WEATHER CONDITIONS
 THE FOLLOWING WEATHER WAS RECORDED YESTERDAY.
  NO SIGNIFICANT WEATHER WAS OBSERVED.


RELATIVE HUMIDITY (PERCENT)
 HIGHEST    92           500 AM
 LOWEST     32           200 PM
 AVERAGE    62

..........................................................


THE WATERTOWN SD CLIMATE NORMALS FOR TODAY
                         NORMAL    RECORD    YEAR
 MAXIMUM TEMPERATURE (F)   60        87      1962
 MINIMUM TEMPERATURE (F)   36        18      1934


SUNRISE AND SUNSET
APRIL 24 2018.........SUNRISE   629 AM CDT   SUNSET   825 PM CDT
APRIL 25 2018.........SUNRISE   627 AM CDT   SUNSET   827 PM CDT


-  INDICATES NEGATIVE NUMBERS.
R  INDICATES RECORD WAS SET OR TIED.
MM INDICATES DATA IS MISSING.
T  INDICATES TRACE AMOUNT.




$$
