000
CDAK48 PAFC 221250
CLIBET


CLIMATE REPORT
NATIONAL WEATHER SERVICE ANCHORAGE, AK
450 AM AKDT SUN APR 22 2018


...................................

...THE BETHEL CLIMATE SUMMARY FOR APRIL 21 2018...

CLIMATE NORMAL PERIOD 1981 TO 2010
CLIMATE RECORD PERIOD 1948 TO 2018


WEATHER ITEM   OBSERVED TIME   RECORD YEAR NORMAL DEPARTURE LAST
                VALUE   (LST)  VALUE       VALUE  FROM      YEAR
                                                  NORMAL
..................................................................
TEMPERATURE (F)
 YESTERDAY
  MAXIMUM         46        MM  58    2016  38      8       52
  MINIMUM         29        MM -22    1924  22      7       33
  AVERAGE         38                        30      8       43

PRECIPITATION (IN)
  YESTERDAY        0.04          0.34 2015   0.03   0.01     0.00
  MONTH TO DATE    0.46                      0.49  -0.03     0.11
  SINCE MAR 1      0.97                      1.20  -0.23     0.41
  SINCE JAN 1      2.74                      2.70   0.04     2.30

SNOWFALL (IN)
  YESTERDAY        0.4           4.6  2015   0.1    0.3      0.0
  MONTH TO DATE    0.6                       4.5   -3.9      0.9
  SINCE MAR 1      5.7                      12.7   -7.0      3.8
  SINCE JUL 1     35.3                      58.5  -23.2     31.2
  SNOW DEPTH       0

DEGREE DAYS
 HEATING
  YESTERDAY       27                        35     -8       22
  MONTH TO DATE  708                       852   -144      656
  SINCE MAR 1   2018                      2396   -378     2481
  SINCE JUL 1   9271                     11134  -1863    10741

 COOLING
  YESTERDAY        0                         0      0        0
  MONTH TO DATE    0                         0      0        0
  SINCE MAR 1      0                         0      0        0
  SINCE JAN 1      0                         0      0        0
..................................................................


WIND (MPH)
  RESULTANT WIND SPEED   7   RESULTANT WIND DIRECTION   E (80)
  HIGHEST WIND SPEED    13   HIGHEST WIND DIRECTION     E (110)
  HIGHEST GUST SPEED    MM   HIGHEST GUST DIRECTION    MM
  AVERAGE WIND SPEED     8.5



WEATHER CONDITIONS
 THE FOLLOWING WEATHER WAS RECORDED YESTERDAY.
  LIGHT RAIN
  LIGHT SNOW
  FOG


RELATIVE HUMIDITY (PERCENT)
 HIGHEST    92
 LOWEST     49
 AVERAGE    71

..........................................................


THE BETHEL CLIMATE NORMALS FOR TODAY
                         NORMAL    RECORD    YEAR
 MAXIMUM TEMPERATURE (F)   38        57      2016
 MINIMUM TEMPERATURE (F)   23        -4      1966


SUNRISE AND SUNSET
APRIL 22 2018.........SUNRISE   706 AM AKDT  SUNSET  1027 PM AKDT
APRIL 23 2018.........SUNRISE   703 AM AKDT  SUNSET  1029 PM AKDT


-  INDICATES NEGATIVE NUMBERS.
R  INDICATES RECORD WAS SET OR TIED.
MM INDICATES DATA IS MISSING.
T  INDICATES TRACE AMOUNT.




$$
