000
CDUS44 KAMA 262132
CLIBGD


CLIMATE REPORT
NATIONAL WEATHER SERVICE AMARILLO TX
431 PM CDT THU APR 26 2018


...................................

...THE BORGER CLIMATE SUMMARY FOR APRIL 26 2018...
VALID TODAY AS OF 0400 PM LOCAL TIME.

CLIMATE NORMAL PERIOD 1981 TO 2010
CLIMATE RECORD PERIOD 1949 TO 2018


WEATHER ITEM   OBSERVED TIME   RECORD YEAR NORMAL DEPARTURE LAST
                VALUE   (LST)  VALUE       VALUE  FROM      YEAR
                                                  NORMAL
..................................................................
TEMPERATURE (F)
 TODAY
  MAXIMUM         71    306 PM  95    1959  75     -4       63
  MINIMUM         41    602 AM  36    2006  48     -7       40
  AVERAGE         56                        62     -6       52

PRECIPITATION (IN)
  TODAY            0.00          0.76 1965   0.04  -0.04     0.07
  MONTH TO DATE    1.03                      1.39  -0.36     0.99
  SINCE MAR 1      1.07                      2.80  -1.73     3.69
  SINCE JAN 1      1.08                      4.01  -2.93     7.17

SNOWFALL (IN)
  TODAY            0.0           T    2017                    T
                                      1954
  MONTH TO DATE    0.0                                        T
  SINCE MAR 1      0.0                                        T
  SINCE JUL 1      2.0                                       3.6
  SNOW DEPTH       0

DEGREE DAYS
 HEATING
  TODAY            9                         5      4       13
  MONTH TO DATE  288                       208     80      151
  SINCE MAR 1    599                       692    -93      449
  SINCE JUL 1   3260                      3685   -425     2784

 COOLING
  TODAY            0                         2     -2        0
  MONTH TO DATE   30                        29      1       68
  SINCE MAR 1     41                        36      5      101
  SINCE JAN 1     41                        36      5      115
..................................................................


WIND (MPH)
  RESULTANT WIND SPEED   5   RESULTANT WIND DIRECTION  NW (310)
  HIGHEST WIND SPEED    35   HIGHEST WIND DIRECTION     N (10)
  HIGHEST GUST SPEED    44   HIGHEST GUST DIRECTION     N (350)
  AVERAGE WIND SPEED    12.4


SKY COVER
  AVERAGE SKY COVER 0.0


WEATHER CONDITIONS
 THE FOLLOWING WEATHER WAS RECORDED TODAY.
  NO SIGNIFICANT WEATHER WAS OBSERVED.


RELATIVE HUMIDITY (PERCENT)
 HIGHEST    79           600 AM
 LOWEST     28           300 PM
 AVERAGE    54

..........................................................


THE BORGER CLIMATE NORMALS FOR TOMORROW
                         NORMAL    RECORD    YEAR
 MAXIMUM TEMPERATURE (F)   76        91      1974
 MINIMUM TEMPERATURE (F)   49        30      1995


SUNRISE AND SUNSET
APRIL 26 2018.........SUNRISE   659 AM CDT   SUNSET   828 PM CDT
APRIL 27 2018.........SUNRISE   658 AM CDT   SUNSET   829 PM CDT


-  INDICATES NEGATIVE NUMBERS.
R  INDICATES RECORD WAS SET OR TIED.
MM INDICATES DATA IS MISSING.
T  INDICATES TRACE AMOUNT.




$$
