000
CDUS45 KBYZ 252221
CLIBIL


CLIMATE REPORT
NATIONAL WEATHER SERVICE BILLINGS MT
421 PM MDT WED APR 25 2018


...................................

...THE BILLINGS MT CLIMATE SUMMARY FOR APRIL 25 2018...
VALID TODAY AS OF 0400 PM LOCAL TIME.

CLIMATE NORMAL PERIOD 1981 TO 2010
CLIMATE RECORD PERIOD 1934 TO 2018


WEATHER ITEM   OBSERVED TIME   RECORD YEAR NORMAL DEPARTURE LAST
                VALUE   (LST)  VALUE       VALUE  FROM      YEAR
                                                  NORMAL
..................................................................
TEMPERATURE (F)
 TODAY
  MAXIMUM         69    248 PM  84    1974  61      8       41
  MINIMUM         41    524 AM  23    2002  37      4       32
                                      1960
  AVERAGE         55                        49      6       37

PRECIPITATION (IN)
  TODAY            0.00          1.46 1964   0.06  -0.06      T
  MONTH TO DATE    2.01                      1.34   0.67     2.37
  SINCE OCT 1      8.62                      5.67   2.95    11.61
  SINCE JAN 1      4.97                      3.36   1.61     6.05

DEGREE DAYS
 HEATING
  TODAY           10                        16     -6       28
  MONTH TO DATE  622                       491    131      415
  SINCE MAR 1   1602                      1336    266     1133
  SINCE JUL 1   6999                      6301    698     6218

 COOLING
  TODAY            0                         0      0        0
  MONTH TO DATE    0                         0      0        0
  SINCE MAR 1      0                         0      0        0
  SINCE JAN 1      0                         0      0        0
..................................................................


WIND (MPH)
  HIGHEST WIND SPEED    28   HIGHEST WIND DIRECTION    SW (240)
  HIGHEST GUST SPEED    35   HIGHEST GUST DIRECTION     W (290)
  AVERAGE WIND SPEED    18.8


SKY COVER
  POSSIBLE SUNSHINE  MM
  AVERAGE SKY COVER 0.5


WEATHER CONDITIONS
 THE FOLLOWING WEATHER WAS RECORDED TODAY.
  NO SIGNIFICANT WEATHER WAS OBSERVED.


RELATIVE HUMIDITY (PERCENT)
 HIGHEST    60           500 AM
 LOWEST     17           300 PM
 AVERAGE    39

..........................................................


THE BILLINGS MT CLIMATE NORMALS FOR TOMORROW
                         NORMAL    RECORD    YEAR
 MAXIMUM TEMPERATURE (F)   61        85      1946
 MINIMUM TEMPERATURE (F)   38        23      1994


SUNRISE AND SUNSET
APRIL 25 2018.........SUNRISE   611 AM MDT   SUNSET   814 PM MDT
APRIL 26 2018.........SUNRISE   609 AM MDT   SUNSET   815 PM MDT


-  INDICATES NEGATIVE NUMBERS.
R  INDICATES RECORD WAS SET OR TIED.
MM INDICATES DATA IS MISSING.
T  INDICATES TRACE AMOUNT.




$$
