000
CDUS41 KRLX 210717
CLIBKW


CLIMATE REPORT
NATIONAL WEATHER SERVICE CHARLESTON WV
316 AM EDT MON MAY 21 2018


...................................

...THE BECKLEY WV CLIMATE SUMMARY FOR MAY 20 2018...

CLIMATE NORMAL PERIOD 1981 TO 2010
CLIMATE RECORD PERIOD 1963 TO 2018


WEATHER ITEM   OBSERVED TIME   RECORD YEAR NORMAL DEPARTURE LAST
                VALUE   (LST)  VALUE       VALUE  FROM      YEAR
                                                  NORMAL
..................................................................
TEMPERATURE (F)
 YESTERDAY
  MAXIMUM         80    435 PM  89    1996  71      9       85
  MINIMUM         60    456 AM  30    2002  50     10       59
                                      1907
  AVERAGE         70                        61      9       72

PRECIPITATION (IN)
  YESTERDAY        0.00          1.20 1915   0.16  -0.16     0.04
  MONTH TO DATE    3.77                      2.96   0.81     4.46
  SINCE JAN 1     20.93                     15.46   5.47    18.22

SNOWFALL (IN)
  YESTERDAY        0.0           0.5  1894   0.0    0.0      0.0
  MONTH TO DATE    0.0                       0.1   -0.1      0.0
  SINCE SEP 1     54.5                      62.0   -7.5     26.0
  SNOW DEPTH       0

DEGREE DAYS
 HEATING
  YESTERDAY        0                         6     -6        0
  MONTH TO DATE   33                       145   -112      130
  SINCE MAR 1   1382                      1253    129     1046
  SINCE JUL 1   5072                      5254   -182     4180

 COOLING
  YESTERDAY        5                         1      4        7
  MONTH TO DATE   68                        14     54       29
  SINCE MAR 1     79                        24     55       60
  SINCE JAN 1     80                        24     56       60
..................................................................


WIND (MPH)
  HIGHEST WIND SPEED    15   HIGHEST WIND DIRECTION     W (270)
  HIGHEST GUST SPEED    22   HIGHEST GUST DIRECTION     W (260)
  AVERAGE WIND SPEED     5.9


SKY COVER
  POSSIBLE SUNSHINE  MM
  AVERAGE SKY COVER 0.3


WEATHER CONDITIONS
 THE FOLLOWING WEATHER WAS RECORDED YESTERDAY.
  NO SIGNIFICANT WEATHER WAS OBSERVED.


RELATIVE HUMIDITY (PERCENT)
 HIGHEST   100          1200 AM
 LOWEST     48           300 PM
 AVERAGE    74

..........................................................


THE BECKLEY WV CLIMATE NORMALS FOR TODAY
                         NORMAL    RECORD    YEAR
 MAXIMUM TEMPERATURE (F)   71        90      1941
 MINIMUM TEMPERATURE (F)   51        29      1907


SUNRISE AND SUNSET
MAY 21 2018...........SUNRISE   610 AM EDT   SUNSET   833 PM EDT
MAY 22 2018...........SUNRISE   609 AM EDT   SUNSET   833 PM EDT


-  INDICATES NEGATIVE NUMBERS.
R  INDICATES RECORD WAS SET OR TIED.
MM INDICATES DATA IS MISSING.
T  INDICATES TRACE AMOUNT.




$$
