000
CDUS44 KBRO 250858
CLIBRO


CLIMATE REPORT
NATIONAL WEATHER SERVICE BROWNSVILLE TX
358 AM CDT WED APR 25 2018


...................................

...THE BROWNSVILLE CLIMATE SUMMARY FOR APRIL 24 2018...

CLIMATE NORMAL PERIOD 1981 TO 2010
CLIMATE RECORD PERIOD 1878 TO 2018


WEATHER ITEM   OBSERVED TIME   RECORD YEAR NORMAL DEPARTURE LAST
                VALUE   (LST)  VALUE       VALUE  FROM      YEAR
                                                  NORMAL
..................................................................
TEMPERATURE (F)
 YESTERDAY
  MAXIMUM         89    100 PM  96    2003  85      4       84
                                      1953
  MINIMUM         65    606 AM  52    2013  68     -3       58
  AVERAGE         77                        76      1       71

PRECIPITATION (IN)
  YESTERDAY        0.00          1.17 1916   0.05  -0.05     0.00
  MONTH TO DATE    0.94                      1.24  -0.30     0.63
  SINCE MAR 1      1.43                      2.47  -1.04     2.47
  SINCE JAN 1      3.66                      4.82  -1.16     4.01

SNOWFALL (IN)
  YESTERDAY        0.0
  MONTH TO DATE    0.0
  SINCE MAR 1      0.0
  SINCE JUL 1      0.3
  SNOW DEPTH       0

DEGREE DAYS
 HEATING
  YESTERDAY        0                         0      0        0
  MONTH TO DATE    3                         6     -3        0
  SINCE MAR 1      3                        49    -46        2
  SINCE JUL 1    485                       552    -67      201

 COOLING
  YESTERDAY       12                        11      1        6
  MONTH TO DATE  248                       229     19      304
  SINCE MAR 1    555                       403    152      598
  SINCE JAN 1    820                       544    276      985
..................................................................


WIND (MPH)
  HIGHEST WIND SPEED    21   HIGHEST WIND DIRECTION    SE (130)
  HIGHEST GUST SPEED    27   HIGHEST GUST DIRECTION     E (100)
  AVERAGE WIND SPEED    10.1


SKY COVER
  POSSIBLE SUNSHINE  MM
  AVERAGE SKY COVER 0.2


WEATHER CONDITIONS
 THE FOLLOWING WEATHER WAS RECORDED YESTERDAY.
  NO SIGNIFICANT WEATHER WAS OBSERVED.


RELATIVE HUMIDITY (PERCENT)
 HIGHEST    93           400 AM
 LOWEST     28           200 PM
 AVERAGE    61

..........................................................


THE BROWNSVILLE CLIMATE NORMALS FOR TODAY
                         NORMAL    RECORD    YEAR
 MAXIMUM TEMPERATURE (F)   85        98      2003
                                             1945
 MINIMUM TEMPERATURE (F)   68        53      1983
                                             1913


SUNRISE AND SUNSET
APRIL 25 2018.........SUNRISE   658 AM CDT   SUNSET   758 PM CDT
APRIL 26 2018.........SUNRISE   657 AM CDT   SUNSET   759 PM CDT


-  INDICATES NEGATIVE NUMBERS.
R  INDICATES RECORD WAS SET OR TIED.
MM INDICATES DATA IS MISSING.
T  INDICATES TRACE AMOUNT.




$$
