037
CDAK49 PAFG 250042
CLIBRW

CLIMATE REPORT
NATIONAL WEATHER SERVICE FAIRBANKS AK
442 PM AKDT THU MAY 24 2018


...................................

...THE BARROW AK CLIMATE SUMMARY FOR MAY 24 2018...
VALID TODAY AS OF 0400 PM LOCAL TIME.

CLIMATE NORMAL PERIOD 1981 TO 2010
CLIMATE RECORD PERIOD 1920 TO 2018


WEATHER ITEM   OBSERVED TIME   RECORD YEAR NORMAL DEPARTURE LAST
                VALUE   (LST)  VALUE       VALUE  FROM      YEAR
                                                  NORMAL
..................................................................
TEMPERATURE (F)
 TODAY
  MAXIMUM         27   1148 AM  43    2011  30     -3       32
                                      2002
  MINIMUM         23    743 AM   3    2001  22      1       29
  AVERAGE         25                        26     -1       31

PRECIPITATION (IN)
  TODAY           MM             0.14 1991   0.01  MM         T
  MONTH TO DATE    0.08                      0.13  -0.05     0.19
  SINCE MAR 1      0.68                      0.38   0.30     0.49
  SINCE JAN 1      1.08                      0.65   0.43     1.36

SNOWFALL (IN)
  TODAY           MM             2.2  1991   0.1   MM         T
  MONTH TO DATE    1.0                       2.2   -1.2      3.2
  SINCE MAR 1      7.7                       7.5    0.2      6.2
  SINCE JUL 1     34.9                      36.5   -1.6     33.1
  SNOW DEPTH      MM

DEGREE DAYS
 HEATING
  TODAY           40                        39      1       34
  MONTH TO DATE 1059                      1099    -40     1008
  SINCE MAR 1   4843                      5402   -559     4987
  SINCE JUL 1  15446                     18259  -2813    15949

 COOLING
  TODAY            0                         0      0        0
  MONTH TO DATE    0                         0      0        0
  SINCE MAR 1      0                         0      0        0
  SINCE JAN 1      0                         0      0        0
..................................................................


WIND (MPH)
  HIGHEST GUST SPEED    25   HIGHEST GUST DIRECTION     E (100)


SKY COVER
  AVERAGE SKY COVER 1.0


WEATHER CONDITIONS
 THE FOLLOWING WEATHER WAS RECORDED TODAY.
  LIGHT SNOW
  FOG
  HAZE


RELATIVE HUMIDITY (PERCENT)
 HIGHEST   100
 LOWEST     92
 AVERAGE    96

..........................................................


THE BARROW AK CLIMATE NORMALS FOR TOMORROW
                         NORMAL    RECORD    YEAR
 MAXIMUM TEMPERATURE (F)   30        44      1938
 MINIMUM TEMPERATURE (F)   22         9      2001
                                             1997
                                             1921


SUNRISE AND SUNSET
MAY 24 2018...........SUN ABOVE VISIBLE HORIZON.
MAY 25 2018...........SUN ABOVE VISIBLE HORIZON.

-  INDICATES NEGATIVE NUMBERS.
R  INDICATES RECORD WAS SET OR TIED.
MM INDICATES DATA IS MISSING.
T  INDICATES TRACE AMOUNT.

&&

SNOW DEPTH IS MEASURED AT 3AM AKST/4AM AKDT.

----------------------------
AVAILABLE DAYLIGHT

AMOUNT OF DAYLIGHT TODAY  (HOUR:MIN)........24:00
GAIN/LOSS SINCE YESTERDAY (HOUR:MIN:SEC)....+0:00:00

$$
AY MAY 18
