000
CDUS41 KBTV 222026
CLIBTV


CLIMATE REPORT
NATIONAL WEATHER SERVICE BURLINGTON VT
426 PM EDT SUN APR 22 2018


...................................

...THE BURLINGTON VT CLIMATE SUMMARY FOR APRIL 22 2018...
VALID TODAY AS OF 0400 PM LOCAL TIME.

CLIMATE NORMAL PERIOD 1981 TO 2010
CLIMATE RECORD PERIOD 1884 TO 2018


WEATHER ITEM   OBSERVED TIME   RECORD YEAR NORMAL DEPARTURE LAST
                VALUE   (LST)  VALUE       VALUE  FROM      YEAR
                                                  NORMAL
..................................................................
TEMPERATURE (F)
 TODAY
  MAXIMUM         58    232 PM  80    1973  58      0       50
                                      1885
  MINIMUM         28    456 AM  21    1947  37     -9       44
  AVERAGE         43                        48     -5       47

PRECIPITATION (IN)
  TODAY            0.00          0.91 1927   0.09  -0.09     0.01
  MONTH TO DATE    2.74                      2.03   0.71     3.62
  SINCE MAR 1      5.37                      4.25   1.12     6.89
  SINCE JAN 1      9.31                      8.07   1.24    11.56

SNOWFALL (IN)
  TODAY            0.0           0.2  2002   0.1   -0.1      0.0
  MONTH TO DATE    4.2                       4.0    0.2      4.4
  SINCE MAR 1     34.3                      19.8   14.5     41.2
  SINCE JUL 1     88.7                      80.6    8.1    100.4
  SNOW DEPTH       0

DEGREE DAYS
 HEATING
  TODAY           22                        17      5       18
  MONTH TO DATE  607                       486    121      387
  SINCE MAR 1   1646                      1540    106     1544
  SINCE JUL 1   6443                      6950   -507     5922

 COOLING
  TODAY            0                         0      0        0
  MONTH TO DATE    0                         0      0        6
  SINCE MAR 1      0                         0      0        6
  SINCE JAN 1      0                         0      0        6
..................................................................


WIND (MPH)
  HIGHEST WIND SPEED    18   HIGHEST WIND DIRECTION     N (360)
  HIGHEST GUST SPEED    23   HIGHEST GUST DIRECTION     N (10)
  AVERAGE WIND SPEED     4.5


SKY COVER
  POSSIBLE SUNSHINE  MM
  AVERAGE SKY COVER 0.0


WEATHER CONDITIONS
 THE FOLLOWING WEATHER WAS RECORDED TODAY.
  NO SIGNIFICANT WEATHER WAS OBSERVED.


RELATIVE HUMIDITY (PERCENT)
 HIGHEST    78           200 AM
 LOWEST     19           300 PM
 AVERAGE    49

..........................................................


THE BURLINGTON VT CLIMATE NORMALS FOR TOMORROW
                         NORMAL    RECORD    YEAR
 MAXIMUM TEMPERATURE (F)   59        85      1885
 MINIMUM TEMPERATURE (F)   38        23      1930


SUNRISE AND SUNSET
APRIL 22 2018.........SUNRISE   557 AM EDT   SUNSET   746 PM EDT
APRIL 23 2018.........SUNRISE   555 AM EDT   SUNSET   747 PM EDT


-  INDICATES NEGATIVE NUMBERS.
R  INDICATES RECORD WAS SET OR TIED.
MM INDICATES DATA IS MISSING.
T  INDICATES TRACE AMOUNT.




$$
