000
CDUS46 KLOX 231000
CLIBUR


CLIMATE REPORT
NATIONAL WEATHER SERVICE LOS ANGELES/OXNARD CA
300 AM PDT MON APR 23 2018


...................................

...THE BOB HOPE AIRPORT (BURBANK) CA CLIMATE SUMMARY FOR APRIL 22 2018...

CLIMATE NORMAL PERIOD 1981 TO 2010
CLIMATE RECORD PERIOD 1939 TO 2018


WEATHER ITEM   OBSERVED TIME   RECORD YEAR NORMAL DEPARTURE LAST
                VALUE   (LST)  VALUE       VALUE  FROM      YEAR
                                                  NORMAL
..................................................................
TEMPERATURE (F)
 YESTERDAY
  MAXIMUM         85    109 PM  96    1946  74     11       91
  MINIMUM         58    555 AM  36    1978  51      7       61
  AVERAGE         72                        62     10       76

PRECIPITATION (IN)
  YESTERDAY        0.00          0.45 1967   0.02  -0.02     0.00
  MONTH TO DATE    T                         0.89  -0.89     0.09
  SINCE OCT 1      6.23                     16.31 -10.08    13.70
  SINCE JAN 1      6.15                     11.87  -5.72     9.44

SNOWFALL (IN)
  YESTERDAY        0.0
  MONTH TO DATE    0.0
  SINCE MAR 1      0.0
  SINCE JUL 1      0.0

DEGREE DAYS
 HEATING
  YESTERDAY        0                         4     -4        0
  MONTH TO DATE   47                       111    -64       37
  SINCE MAR 1    245                       329    -84      125
  SINCE JUL 1    751                      1470   -719     1118

 COOLING
  YESTERDAY        7                         2      5       11
  MONTH TO DATE   48                        23     25       37
  SINCE MAR 1     55                        33     22      103
  SINCE JAN 1     89                        39     50      104
..................................................................


WIND (MPH)
  HIGHEST WIND SPEED    14   HIGHEST WIND DIRECTION    SE (150)
  HIGHEST GUST SPEED    18   HIGHEST GUST DIRECTION     S (170)
  AVERAGE WIND SPEED     5.3


SKY COVER
  POSSIBLE SUNSHINE  MM
  AVERAGE SKY COVER 0.0


WEATHER CONDITIONS
 THE FOLLOWING WEATHER WAS RECORDED YESTERDAY.
  NO SIGNIFICANT WEATHER WAS OBSERVED.


RELATIVE HUMIDITY (PERCENT)
 HIGHEST    78          1100 PM
 LOWEST     23           200 PM
 AVERAGE    51

..........................................................


THE BOB HOPE AIRPORT (BURBANK) CA CLIMATE NORMALS FOR TODAY
                         NORMAL    RECORD    YEAR
 MAXIMUM TEMPERATURE (F)   74        94      1946
 MINIMUM TEMPERATURE (F)   51        38      1978


SUNRISE AND SUNSET
APRIL 23 2018.........SUNRISE   613 AM PDT   SUNSET   731 PM PDT
APRIL 24 2018.........SUNRISE   611 AM PDT   SUNSET   732 PM PDT


-  INDICATES NEGATIVE NUMBERS.
R  INDICATES RECORD WAS SET OR TIED.
MM INDICATES DATA IS MISSING.
T  INDICATES TRACE AMOUNT.




$$
