628
CDUS41 KLWX 260537
CLIBWI


CLIMATE REPORT
NATIONAL WEATHER SERVICE BALTIMORE MD/WASHINGTON DC
134 AM EDT SAT MAY 26 2018


...................................

...THE BALTIMORE MD CLIMATE SUMMARY FOR MAY 25 2018...

CLIMATE NORMAL PERIOD 1981 TO 2010
CLIMATE RECORD PERIOD 1871 TO 2018


WEATHER ITEM   OBSERVED TIME   RECORD YEAR NORMAL DEPARTURE LAST
                VALUE   (LST)  VALUE       VALUE  FROM      YEAR
                                                  NORMAL
..................................................................
TEMPERATURE (F)
 YESTERDAY
  MAXIMUM         87    442 PM  94    1991  76     11       74
  MINIMUM         55    443 AM  38    1956  55      0       56
  AVERAGE         71                        66      5       65

PRECIPITATION (IN)
  YESTERDAY        0.00          2.22 1952   0.14  -0.14     1.04
  MONTH TO DATE    5.94                      3.19   2.75     4.95
  SINCE MAR 1     11.39                     10.28   1.11    12.29
  SINCE JAN 1     17.69                     16.23   1.46    16.44

SNOWFALL (IN)
  YESTERDAY        0.0          MM      MM   0.0    0.0
  MONTH TO DATE    0.0                       0.0    0.0
  SINCE JUL 1     15.4                      20.1   -4.7
  SNOW DEPTH       0

DEGREE DAYS
 HEATING
  YESTERDAY        0                         3     -3        0
  MONTH TO DATE   18                       121   -103      129
  SINCE MAR 1   1181                      1141     40      958
  SINCE JUL 1   4493                      4736   -243     3849

 COOLING
  YESTERDAY        6                         3      3        0
  MONTH TO DATE  114                        46     68       45
  SINCE MAR 1    135                        60     75       94
  SINCE JAN 1    136                        60     76       94
..................................................................


WIND (MPH)
  HIGHEST WIND SPEED    15   HIGHEST WIND DIRECTION    SW (230)
  HIGHEST GUST SPEED    19   HIGHEST GUST DIRECTION     S (170)
  AVERAGE WIND SPEED     6.0


SKY COVER
  POSSIBLE SUNSHINE  MM
  AVERAGE SKY COVER 0.4


WEATHER CONDITIONS
 THE FOLLOWING WEATHER WAS RECORDED YESTERDAY.
  NO SIGNIFICANT WEATHER WAS OBSERVED.


RELATIVE HUMIDITY (PERCENT)
 HIGHEST    93           400 AM
 LOWEST     40           200 PM
 AVERAGE    67

..........................................................


THE BALTIMORE MD CLIMATE NORMALS FOR TODAY
                         NORMAL    RECORD    YEAR
 MAXIMUM TEMPERATURE (F)   77        94      1914
 MINIMUM TEMPERATURE (F)   55        41      1967


SUNRISE AND SUNSET
MAY 26 2018...........SUNRISE   545 AM EDT   SUNSET   823 PM EDT
MAY 27 2018...........SUNRISE   545 AM EDT   SUNSET   823 PM EDT


-  INDICATES NEGATIVE NUMBERS.
R  INDICATES RECORD WAS SET OR TIED.
MM INDICATES DATA IS MISSING.
T  INDICATES TRACE AMOUNT.




$$
