000
CDUS42 KCAE 240607
CLICAE


CLIMATE REPORT
NATIONAL WEATHER SERVICE COLUMBIA SC
207 AM EDT TUE APR 24 2018


...................................

...THE COLUMBIA METRO AIRPORT SC CLIMATE SUMMARY FOR APRIL 23 2018...

CLIMATE NORMAL PERIOD 1981 TO 2010
CLIMATE RECORD PERIOD 1887 TO 2018


WEATHER ITEM   OBSERVED TIME   RECORD YEAR NORMAL DEPARTURE LAST
                VALUE   (LST)  VALUE       VALUE  FROM      YEAR
                                                  NORMAL
..................................................................
TEMPERATURE (F)
 YESTERDAY
  MAXIMUM         65    613 PM  94    1970  78    -13       74
  MINIMUM         58    706 AM  32    1993  52      6       61
  AVERAGE         62                        65     -3       68

PRECIPITATION (IN)
  YESTERDAY        1.06          2.27 1971   0.09   0.97     1.68
  MONTH TO DATE    2.23                      2.02   0.21     5.29
  SINCE MAR 1      5.20                      5.75  -0.55     7.67
  SINCE JAN 1      9.23                     12.94  -3.71    16.31

SNOWFALL (IN)
  YESTERDAY        0.0          MM      MM   0.0             0.0
  MONTH TO DATE    0.0                       0.0             0.0
  SINCE MAR 1      0.0                       0.1              T
  SINCE JUL 1      T                         1.5             0.1

DEGREE DAYS
 HEATING
  YESTERDAY        3                         3      0        0
  MONTH TO DATE  110                       106      4       34
  SINCE MAR 1    449                       416     33      308
  SINCE JUL 1   2173                      2515   -342     1649

 COOLING
  YESTERDAY        0                         3     -3        3
  MONTH TO DATE   36                        48    -12      113
  SINCE MAR 1     48                        66    -18      162
  SINCE JAN 1    108                        70     38      180
..................................................................


WIND (MPH)
  HIGHEST WIND SPEED    22   HIGHEST WIND DIRECTION     E (100)
  HIGHEST GUST SPEED    29   HIGHEST GUST DIRECTION     E (90)
  AVERAGE WIND SPEED    13.4


SKY COVER
  AVERAGE SKY COVER 1.0


WEATHER CONDITIONS
 THE FOLLOWING WEATHER WAS RECORDED YESTERDAY.
  HEAVY RAIN
  RAIN
  LIGHT RAIN
  FOG


RELATIVE HUMIDITY (PERCENT)
 HIGHEST   100           300 AM
 LOWEST     90          1200 AM
 AVERAGE    95

..........................................................


THE COLUMBIA METRO AIRPORT SC CLIMATE NORMALS FOR TODAY
                         NORMAL    RECORD    YEAR
 MAXIMUM TEMPERATURE (F)   78        94      1925
 MINIMUM TEMPERATURE (F)   53        30      1986


SUNRISE AND SUNSET
APRIL 24 2018.........SUNRISE   643 AM EDT   SUNSET   803 PM EDT
APRIL 25 2018.........SUNRISE   642 AM EDT   SUNSET   804 PM EDT


-  INDICATES NEGATIVE NUMBERS.
R  INDICATES RECORD WAS SET OR TIED.
MM INDICATES DATA IS MISSING.
T  INDICATES TRACE AMOUNT.




$$
