000
CDUS45 KABQ 280831
CLICAO


CLIMATE REPORT
NATIONAL WEATHER SERVICE ALBUQUERQUE NM
227 AM MDT MON MAY 28 2018


...................................

...THE CLAYTON  NM CLIMATE SUMMARY FOR MAY 27 2018...

CLIMATE NORMAL PERIOD 1981 TO 2010
CLIMATE RECORD PERIOD 1896 TO 2018


WEATHER ITEM   OBSERVED TIME   RECORD YEAR NORMAL DEPARTURE
                VALUE   (LST)  VALUE       VALUE  FROM
                                                  NORMAL
...............................................................
TEMPERATURE (F)
 YESTERDAY
  MAXIMUM         91    327 PM  99    1896  79     12
  MINIMUM         58    439 AM  32    1917  51      7
  AVERAGE         75                        65     10

PRECIPITATION (IN)
  YESTERDAY        T             1.32 1926   0.08  -0.08
  MONTH TO DATE    1.43                      1.62  -0.19
  SINCE MAR 1      2.51                      3.51  -1.00
  SINCE JAN 1      2.54                      4.13  -1.59

SNOWFALL (IN)
  YESTERDAY        0.0
  MONTH TO DATE    0.0
  SINCE MAR 1      T
  SINCE JUL 1      0.8

DEGREE DAYS
 HEATING
  YESTERDAY        0                         3     -3
  MONTH TO DATE   48                       145    -97
  SINCE MAR 1   1064                      1174   -110
  SINCE JUL 1   4444                      4851   -407

 COOLING
  YESTERDAY       10                         2      8
  MONTH TO DATE   94                        35     59
  SINCE MAR 1    102                        41     61
  SINCE JAN 1    102                        41     61
...............................................................


WIND (MPH)
  HIGHEST WIND SPEED    33   HIGHEST WIND DIRECTION     S (190)
  HIGHEST GUST SPEED    38   HIGHEST GUST DIRECTION     S (180)
  AVERAGE WIND SPEED    14.8


SKY COVER
  AVERAGE SKY COVER 0.0


WEATHER CONDITIONS
 THE FOLLOWING WEATHER WAS RECORDED YESTERDAY.
  NO SIGNIFICANT WEATHER WAS OBSERVED.


RELATIVE HUMIDITY (PERCENT)
 HIGHEST   100           500 AM
 LOWEST     19           300 PM
 AVERAGE    60

..........................................................


THE CLAYTON  NM CLIMATE NORMALS FOR TODAY
                         NORMAL    RECORD    YEAR
 MAXIMUM TEMPERATURE (F)   79        95      1974
                                             1938
                                             1934
 MINIMUM TEMPERATURE (F)   51        34      1947


SUNRISE AND SUNSET
MAY 28 2018...........SUNRISE   538 AM MDT   SUNSET   803 PM MDT
MAY 29 2018...........SUNRISE   537 AM MDT   SUNSET   803 PM MDT


-  INDICATES NEGATIVE NUMBERS.
R  INDICATES RECORD WAS SET OR TIED.
MM INDICATES DATA IS MISSING.
T  INDICATES TRACE AMOUNT.


$$
