766
CDUS45 KSLC 210029
CLICDC


CLIMATE REPORT
NATIONAL WEATHER SERVICE SALT LAKE CITY UT
629 PM MDT FRI APR 20 2018


...................................

...THE CEDAR CITY UT CLIMATE SUMMARY FOR APRIL 20 2018...
VALID TODAY AS OF 0500 PM LOCAL TIME.

CLIMATE NORMAL PERIOD 1981 TO 2010
CLIMATE RECORD PERIOD 1928 TO 2018


WEATHER ITEM   OBSERVED TIME   RECORD YEAR NORMAL DEPARTURE LAST
                VALUE   (LST)  VALUE       VALUE  FROM      YEAR
                                                  NORMAL
..................................................................
TEMPERATURE (F)
 TODAY
  MAXIMUM         50    359 PM  81    1994  63    -13       68
  MINIMUM         31    120 AM   8    1966  33     -2       30
  AVERAGE         41                        48     -7       49

PRECIPITATION (IN)
  TODAY            0.50          0.83 1988   0.03   0.47     0.00
  MONTH TO DATE    0.77                      0.76   0.01     0.80
  SINCE OCT 1      4.35                      7.08  -2.73     7.37
  SINCE JAN 1      3.80                      3.97  -0.17     4.54

DEGREE DAYS
 HEATING
  TODAY           24                        17      7       16
  MONTH TO DATE  316                       397    -81      350
  SINCE MAR 1   1030                      1169   -139      941
  SINCE JUL 1   5013                      5731   -718     4962

 COOLING
  TODAY            0                         0      0        0
  MONTH TO DATE    0                         0      0        0
  SINCE MAR 1      0                         0      0        0
  SINCE JAN 1      0                         0      0        0
..................................................................


WIND (MPH)
  RESULTANT WIND SPEED   1   RESULTANT WIND DIRECTION   S (170)
  HIGHEST WIND SPEED    15   HIGHEST WIND DIRECTION    NW (330)
  HIGHEST GUST SPEED    18   HIGHEST GUST DIRECTION     N (340)
  AVERAGE WIND SPEED     6.1



WEATHER CONDITIONS
 THE FOLLOWING WEATHER WAS RECORDED TODAY.
  RAIN
  LIGHT RAIN
  LIGHT SNOW
  FOG


RELATIVE HUMIDITY (PERCENT)
 HIGHEST   100           400 AM
 LOWEST     64          1200 AM
 AVERAGE    82

..........................................................


THE CEDAR CITY UT CLIMATE NORMALS FOR TOMORROW
                         NORMAL    RECORD    YEAR
 MAXIMUM TEMPERATURE (F)   63        81      2012
                                             1989
 MINIMUM TEMPERATURE (F)   33        18      2008


SUNRISE AND SUNSET
APRIL 20 2018.........SUNRISE   650 AM MDT   SUNSET   813 PM MDT
APRIL 21 2018.........SUNRISE   649 AM MDT   SUNSET   814 PM MDT


-  INDICATES NEGATIVE NUMBERS.
R  INDICATES RECORD WAS SET OR TIED.
MM INDICATES DATA IS MISSING.
T  INDICATES TRACE AMOUNT.




$$
