000
CDUS44 KLUB 200627
CLICDS


CLIMATE REPORT
NATIONAL WEATHER SERVICE LUBBOCK, TX
126 AM CDT FRI APR 20 2018


...................................

...THE CHILDRESS CLIMATE SUMMARY FOR APRIL 19 2018...

CLIMATE NORMAL PERIOD 1981 TO 2010
CLIMATE RECORD PERIOD 1893 TO 2018


WEATHER ITEM   OBSERVED TIME   RECORD YEAR NORMAL DEPARTURE LAST
                VALUE   (LST)  VALUE       VALUE  FROM      YEAR
                                                  NORMAL
..................................................................
TEMPERATURE (F)
 YESTERDAY
  MAXIMUM         72    437 PM  98    1987  78     -6       87
  MINIMUM         39    633 AM  29    2013  49    -10       58
  AVERAGE         56                        63     -7       73

PRECIPITATION (IN)
  YESTERDAY        0.00          1.90 1935   0.08  -0.08     0.00
  MONTH TO DATE    T                         1.20  -1.20     1.80
  SINCE MAR 1      0.57                      2.73  -2.16     3.29
  SINCE JAN 1      0.82                      4.51  -3.69     7.51

SNOWFALL (IN)
  YESTERDAY        0.0                       0.1   -0.1      0.0
  MONTH TO DATE    T                         0.2   -0.2      0.0
  SINCE MAR 1      T                         0.6   -0.6      0.0
  SINCE JUL 1      1.0                       7.0   -6.0      1.5
  SNOW DEPTH       0

DEGREE DAYS
 HEATING
  YESTERDAY        9                         4      5        0
  MONTH TO DATE  179                       118     61       76
  SINCE MAR 1    441                       493    -52      299
  SINCE JUL 1   2882                      3053   -171     2247

 COOLING
  YESTERDAY        0                         3     -3        8
  MONTH TO DATE   46                        35     11       63
  SINCE MAR 1     75                        53     22      121
  SINCE JAN 1     86                        54     32      136
..................................................................


WIND (MPH)
  RESULTANT WIND SPEED   7   RESULTANT WIND DIRECTION   E (100)
  HIGHEST WIND SPEED    21   HIGHEST WIND DIRECTION    SE (130)
  HIGHEST GUST SPEED    25   HIGHEST GUST DIRECTION    SE (130)
  AVERAGE WIND SPEED     8.8


SKY COVER
  AVERAGE SKY COVER 0.0


WEATHER CONDITIONS
 THE FOLLOWING WEATHER WAS RECORDED YESTERDAY.
  NO SIGNIFICANT WEATHER WAS OBSERVED.


RELATIVE HUMIDITY (PERCENT)
 HIGHEST    53           500 AM
 LOWEST     19          1200 AM
 AVERAGE    36

..........................................................


THE CHILDRESS CLIMATE NORMALS FOR TODAY
                         NORMAL    RECORD    YEAR
 MAXIMUM TEMPERATURE (F)   78        98      1999
                                             1904
 MINIMUM TEMPERATURE (F)   50        33      1966


SUNRISE AND SUNSET
APRIL 20 2018.........SUNRISE   704 AM CDT   SUNSET   817 PM CDT
APRIL 21 2018.........SUNRISE   702 AM CDT   SUNSET   818 PM CDT


-  INDICATES NEGATIVE NUMBERS.
R  INDICATES RECORD WAS SET OR TIED.
MM INDICATES DATA IS MISSING.
T  INDICATES TRACE AMOUNT.




$$
