629
CDUS46 KEKA 221218
CLICEC


CLIMATE REPORT
NATIONAL WEATHER SERVICE EUREKA CA
518 AM PDT SUN APR 22 2018


...................................

...THE CRESCENT CITY CA CLIMATE SUMMARY FOR APRIL 21 2018...

CLIMATE NORMAL PERIOD 1981 TO 2010
CLIMATE RECORD PERIOD 1894 TO 2018


WEATHER ITEM   OBSERVED TIME   RECORD YEAR NORMAL DEPARTURE LAST
                VALUE   (LST)  VALUE       VALUE  FROM      YEAR
                                                  NORMAL
..................................................................
TEMPERATURE (F)
 YESTERDAY
  MAXIMUM         57    155 PM  78    1982  55      2       61
  MINIMUM         41    547 AM  31    1971  45     -4       43
  AVERAGE         49                        50     -1       52

PRECIPITATION (IN)
  YESTERDAY        0.00          1.42 1961   0.15  -0.15     0.00
  MONTH TO DATE    4.51                      4.05   0.46     6.54
  SINCE OCT 1     43.75                     56.42 -12.67    88.63
  SINCE JAN 1     29.73                     31.18  -1.45    43.53

SNOWFALL (IN)
  YESTERDAY        0.0          MM      MM  MM     MM        0.0
  MONTH TO DATE    0.0                      MM     MM        0.0
  SINCE MAR 1      0.0                      MM     MM        0.0
  SINCE JUL 1      0.0                      MM     MM        0.0
  SNOW DEPTH       0

DEGREE DAYS
 HEATING
  YESTERDAY       16                        15      1       13
  MONTH TO DATE  268                       335    -67      302
  SINCE MAR 1    721                       848   -127      745
  SINCE JUL 1   3524                      4021   -497     3676

 COOLING
  YESTERDAY        0                         0      0        0
  MONTH TO DATE    0                         0      0        0
  SINCE MAR 1      0                         0      0        0
  SINCE JAN 1      0                         0      0        0
..................................................................


WIND (MPH)
  HIGHEST WIND SPEED    26   HIGHEST WIND DIRECTION    NW (330)
  HIGHEST GUST SPEED    39   HIGHEST GUST DIRECTION    NW (330)
  AVERAGE WIND SPEED    12.2


SKY COVER
  AVERAGE SKY COVER 0.1


WEATHER CONDITIONS
 THE FOLLOWING WEATHER WAS RECORDED YESTERDAY.
  FOG
  HAZE


RELATIVE HUMIDITY (PERCENT)
 HIGHEST    93
 LOWEST     71
 AVERAGE    82

..........................................................


THE CRESCENT CITY CA CLIMATE NORMALS FOR TODAY
                         NORMAL    RECORD    YEAR
 MAXIMUM TEMPERATURE (F)   55        73      1982
 MINIMUM TEMPERATURE (F)   45        35      1960


SUNRISE AND SUNSET
APRIL 22 2018.........SUNRISE   626 AM PDT   SUNSET   806 PM PDT
APRIL 23 2018.........SUNRISE   624 AM PDT   SUNSET   807 PM PDT


-  INDICATES NEGATIVE NUMBERS.
R  INDICATES RECORD WAS SET OR TIED.
MM INDICATES DATA IS MISSING.
T  INDICATES TRACE AMOUNT.




$$
