126
CDUS44 KHGX 262117
CLICLL


CLIMATE REPORT
NATIONAL WEATHER SERVICE HOUSTON/GALVESTON TX
416 PM CDT THU APR 26 2018


...................................

...THE COLLEGE STATION CLIMATE SUMMARY FOR APRIL 26 2018...
VALID TODAY AS OF 400 PM LOCAL TIME.

CLIMATE NORMAL PERIOD 1981 TO 2010
CLIMATE RECORD PERIOD 1902 TO 2018


WEATHER ITEM   OBSERVED TIME   RECORD YEAR NORMAL DEPARTURE LAST
                VALUE   (LST)  VALUE       VALUE  FROM      YEAR
                                                  NORMAL
..................................................................
TEMPERATURE (F)
 TODAY
  MAXIMUM         75    259 PM  93    1933  81     -6       92
  MINIMUM         48    613 AM  40    1887  61    -13       58
  AVERAGE         62                        71     -9       75

PRECIPITATION (IN)
  TODAY            0.00          2.05 1964   0.10  -0.10      T
  MONTH TO DATE    1.48                      2.21  -0.73     2.74
  SINCE MAR 1      7.64                      5.38   2.26     4.50
  SINCE JAN 1     10.56                     11.47  -0.91    11.50

SNOWFALL (IN)
  TODAY            0.0
  MONTH TO DATE    0.0
  SINCE JUL 1      5.0

DEGREE DAYS
 HEATING
  TODAY            3                         1      2        0
  MONTH TO DATE   74                        46     28       12
  SINCE MAR 1    154                       218    -64       78
  SINCE JUL 1   1521                      1605    -84      847

 COOLING
  TODAY            0                         7     -7       10
  MONTH TO DATE   68                       123    -55      150
  SINCE MAR 1    170                       182    -12      291
  SINCE JAN 1    216                       210      6      422
..................................................................


WIND (MPH)
  HIGHEST WIND SPEED    16   HIGHEST WIND DIRECTION     N (10)
  HIGHEST GUST SPEED    19   HIGHEST GUST DIRECTION     N (350)
  AVERAGE WIND SPEED     8.1


SKY COVER
  AVERAGE SKY COVER 0.1


WEATHER CONDITIONS
 THE FOLLOWING WEATHER WAS RECORDED TODAY.
  NO SIGNIFICANT WEATHER WAS OBSERVED.


RELATIVE HUMIDITY (PERCENT)
 HIGHEST    93           400 AM
 LOWEST     41           100 PM
 AVERAGE    67

..........................................................


THE COLLEGE STATION CLIMATE NORMALS FOR TOMORROW
                         NORMAL    RECORD    YEAR
 MAXIMUM TEMPERATURE (F)   81        91      1987
 MINIMUM TEMPERATURE (F)   61        44      1887


SUNRISE AND SUNSET
APRIL 26 2018.........SUNRISE   646 AM CDT   SUNSET   800 PM CDT
APRIL 27 2018.........SUNRISE   645 AM CDT   SUNSET   801 PM CDT


-  INDICATES NEGATIVE NUMBERS.
R  INDICATES RECORD WAS SET OR TIED.
MM INDICATES DATA IS MISSING.
T  INDICATES TRACE AMOUNT.




$$
