945
CDUS42 KGSP 230631 RRB
CLICLT

CLIMATE REPORT
NATIONAL WEATHER SERVICE GREENVILLE-SPARTANBURG SC
230 AM EDT WED MAY 23 2018


...................................

...THE CHARLOTTE NC CLIMATE SUMMARY FOR MAY 22 2018...

CLIMATE NORMAL PERIOD 1981 TO 2010
CLIMATE RECORD PERIOD 1878 TO 2018


WEATHER ITEM   OBSERVED TIME   RECORD YEAR NORMAL DEPARTURE LAST
                VALUE   (LST)  VALUE       VALUE  FROM      YEAR
                                                  NORMAL
..................................................................
TEMPERATURE (F)
 YESTERDAY
  MAXIMUM         86    421 PM  98    1941  80      6       82
  MINIMUM         66    431 AM  42    2002  58      8       62
  AVERAGE         76                        69      7       72

PRECIPITATION (IN)
  YESTERDAY        0.00          3.50 2003   0.10  -0.10     0.03
  MONTH TO DATE    1.56                      2.17  -0.61     3.69
  SINCE MAR 1     10.80                      9.22   1.58    11.94
  SINCE JAN 1     16.40                     15.95   0.45    18.85

SNOWFALL (IN)
  YESTERDAY        0.0           0.0    MM   0.0    0.0      0.0
  MONTH TO DATE    0.0                       0.0    0.0      0.0
  SINCE MAR 1      0.2                       0.6   -0.4      1.1
  SINCE JUL 1      4.2                       4.3   -0.1      2.2
  SNOW DEPTH       0

DEGREE DAYS
 HEATING
  YESTERDAY        0                         1     -1        0
  MONTH TO DATE    0                        46    -46       26
  SINCE MAR 1    683                       679      4      494
  SINCE JUL 1   2975                      3378   -403     2392

 COOLING
  YESTERDAY       11                         5      6        7
  MONTH TO DATE  176                        71    105      110
  SINCE MAR 1    192                       108     84      235
  SINCE JAN 1    223                       108    115      240
..................................................................


WIND (MPH)
  HIGHEST WIND SPEED    15   HIGHEST WIND DIRECTION    SW (220)
  HIGHEST GUST SPEED    20   HIGHEST GUST DIRECTION    SW (220)
  AVERAGE WIND SPEED     6.3


SKY COVER
  POSSIBLE SUNSHINE  MM
  AVERAGE SKY COVER 0.6


WEATHER CONDITIONS
 THE FOLLOWING WEATHER WAS RECORDED YESTERDAY.
  NO SIGNIFICANT WEATHER WAS OBSERVED.


RELATIVE HUMIDITY (PERCENT)
 HIGHEST   100           200 AM
 LOWEST     48           200 PM
 AVERAGE    74

..........................................................


THE CHARLOTTE NC CLIMATE NORMALS FOR TODAY
                         NORMAL    RECORD    YEAR
 MAXIMUM TEMPERATURE (F)   81        98      1941
 MINIMUM TEMPERATURE (F)   58        37      2002


SUNRISE AND SUNSET
MAY 23 2018...........SUNRISE   614 AM EDT   SUNSET   827 PM EDT
MAY 24 2018...........SUNRISE   614 AM EDT   SUNSET   828 PM EDT


-  INDICATES NEGATIVE NUMBERS.
R  INDICATES RECORD WAS SET OR TIED.
MM INDICATES DATA IS MISSING.
T  INDICATES TRACE AMOUNT.




$$
JPT
