000
CDUS46 KLOX 220940
CLICMA


CLIMATE REPORT
NATIONAL WEATHER SERVICE LOS ANGELES/OXNARD CA
240 AM PDT SUN APR 22 2018


...................................

...THE CAMARILLO AIRPORT CA CLIMATE SUMMARY FOR APRIL 21 2018...

CLIMATE NORMAL PERIOD 1981 TO 2010
CLIMATE RECORD PERIOD 1923 TO 2018


WEATHER ITEM   OBSERVED TIME   RECORD YEAR NORMAL DEPARTURE LAST
                VALUE   (LST)  VALUE       VALUE  FROM      YEAR
                                                  NORMAL
..................................................................
TEMPERATURE (F)
 YESTERDAY
  MAXIMUM         80   1033 AM  91    2017  70     10       91
                                      1987
  MINIMUM         48    508 AM  33    1925  48      0       52
  AVERAGE         64                        59      5       72

PRECIPITATION (IN)
  YESTERDAY        0.00          1.00 1955   0.04  -0.04     0.00
  MONTH TO DATE    0.03                      0.50  -0.47     0.13
  SINCE OCT 1      5.94                     14.33  -8.39    19.36
  SINCE JAN 1      5.87                     10.33  -4.46    14.70

SNOWFALL (IN)
  YESTERDAY        0.0
  MONTH TO DATE    0.0
  SINCE MAR 1      0.0
  SINCE JUL 1      0.0

DEGREE DAYS
 HEATING
  YESTERDAY        1                         7     -6        0
  MONTH TO DATE   87                       152    -65       89
  SINCE MAR 1    321                       429   -108      251
  SINCE JUL 1    996                      1765   -769     1239

 COOLING
  YESTERDAY        0                         0      0        7
  MONTH TO DATE   10                         0     10        8
  SINCE MAR 1     10                         4      6       12
  SINCE JAN 1     52                        13     39       13
..................................................................


WIND (MPH)
  HIGHEST WIND SPEED    14   HIGHEST WIND DIRECTION     S (200)
  HIGHEST GUST SPEED    19   HIGHEST GUST DIRECTION     S (200)
  AVERAGE WIND SPEED     5.2


SKY COVER
  POSSIBLE SUNSHINE  MM
  AVERAGE SKY COVER 0.0


WEATHER CONDITIONS
 THE FOLLOWING WEATHER WAS RECORDED YESTERDAY.
  NO SIGNIFICANT WEATHER WAS OBSERVED.


RELATIVE HUMIDITY (PERCENT)
 HIGHEST    83          1200 AM
 LOWEST     31          1200 PM
 AVERAGE    57

..........................................................


THE CAMARILLO AIRPORT CA CLIMATE NORMALS FOR TODAY
                         NORMAL    RECORD    YEAR
 MAXIMUM TEMPERATURE (F)   70        83      1987
 MINIMUM TEMPERATURE (F)   48        34      1932


SUNRISE AND SUNSET
APRIL 22 2018.........SUNRISE   617 AM PDT   SUNSET   734 PM PDT
APRIL 23 2018.........SUNRISE   616 AM PDT   SUNSET   734 PM PDT


-  INDICATES NEGATIVE NUMBERS.
R  INDICATES RECORD WAS SET OR TIED.
MM INDICATES DATA IS MISSING.
T  INDICATES TRACE AMOUNT.




$$
