000
CDUS43 KLSX 270731
CLICOU


CLIMATE REPORT
NATIONAL WEATHER SERVICE ST LOUIS MO
230 AM CDT SUN MAY 27 2018


...................................

...THE COLUMBIA ASOS CLIMATE SUMMARY FOR MAY 26 2018...

CLIMATE NORMAL PERIOD 1981 TO 2010
CLIMATE RECORD PERIOD 1890 TO 2018


WEATHER ITEM   OBSERVED TIME   RECORD YEAR NORMAL DEPARTURE LAST
                VALUE   (LST)  VALUE       VALUE  FROM      YEAR
                                                  NORMAL
..................................................................
TEMPERATURE (F)
 YESTERDAY
  MAXIMUM         90    306 PM  93    1953  77     13       81
                                      1911
  MINIMUM         65    459 AM  38    1901  57      8       61
  AVERAGE         78                        67     11       71

PRECIPITATION (IN)
  YESTERDAY        0.00          2.96 2000   0.15  -0.15     0.02
  MONTH TO DATE    2.88                      4.20  -1.32     5.22
  SINCE MAR 1      6.67                     11.60  -4.93    17.19
  SINCE JAN 1     11.88                     15.77  -3.89    18.41

SNOWFALL (IN)
  YESTERDAY        0.0           0.0  2015   0.0    0.0      0.0
  MONTH TO DATE    0.0                       0.0    0.0      0.0
  SINCE MAR 1      0.9                       1.9   -1.0       T
  SINCE JUL 1      4.1                      18.0  -13.9      1.6
  SNOW DEPTH       0

DEGREE DAYS
 HEATING
  YESTERDAY        0                         2     -2        0
  MONTH TO DATE    0                       101   -101       86
  SINCE MAR 1   1130                      1058     72      775
  SINCE JUL 1   4769                      5004   -235     3816

 COOLING
  YESTERDAY       13                         4      9        6
  MONTH TO DATE  207                        57    150       67
  SINCE MAR 1    220                        82    138      109
  SINCE JAN 1    220                        82    138      113
..................................................................


WIND (MPH)
  HIGHEST WIND SPEED    16   HIGHEST WIND DIRECTION    SW (210)
  HIGHEST GUST SPEED    20   HIGHEST GUST DIRECTION     S (200)
  AVERAGE WIND SPEED     7.2


SKY COVER
  AVERAGE SKY COVER 0.0


WEATHER CONDITIONS
 THE FOLLOWING WEATHER WAS RECORDED YESTERDAY.
  FOG


RELATIVE HUMIDITY (PERCENT)
 HIGHEST   100
 LOWEST     50
 AVERAGE    75

..........................................................


THE COLUMBIA ASOS CLIMATE NORMALS FOR TODAY
                         NORMAL    RECORD    YEAR
 MAXIMUM TEMPERATURE (F)   77        92      2012
                                             1911
 MINIMUM TEMPERATURE (F)   57        39      1961


SUNRISE AND SUNSET
MAY 27 2018...........SUNRISE   548 AM CDT   SUNSET   825 PM CDT
MAY 28 2018...........SUNRISE   547 AM CDT   SUNSET   825 PM CDT


-  INDICATES NEGATIVE NUMBERS.
R  INDICATES RECORD WAS SET OR TIED.
MM INDICATES DATA IS MISSING.
T  INDICATES TRACE AMOUNT.




$$
