000
CDUS46 KLOX 270121
CLICQT


CLIMATE REPORT
NATIONAL WEATHER SERVICE LOS ANGELES/OXNARD CA
621 PM PDT THU APR 26 2018


...................................

...THE DOWNTOWN LOS ANGELES (USC) CA CLIMATE SUMMARY FOR APRIL 26 2018...
VALID TODAY AS OF 0500 PM LOCAL TIME.

CLIMATE NORMAL PERIOD 1981 TO 2010
CLIMATE RECORD PERIOD 1877 TO 2018


WEATHER ITEM   OBSERVED TIME   RECORD YEAR NORMAL DEPARTURE LAST
                VALUE   (LST)  VALUE       VALUE  FROM      YEAR
                                                  NORMAL
..................................................................
TEMPERATURE (F)
 TODAY
  MAXIMUM         71   1150 AM  99    2004  74     -3       78
  MINIMUM         55    456 AM  42    1894  55      0       61
                                      1883
  AVERAGE         63                        64     -1       70

PRECIPITATION (IN)
  TODAY            0.00          1.62 1931   0.02  -0.02     0.00
  MONTH TO DATE    0.02                      0.82  -0.80     0.08
  SINCE OCT 1      4.63                     14.20  -9.57    18.67
  SINCE JAN 1      4.51                     10.17  -5.66    12.72

SNOWFALL (IN)
  TODAY            0.0
  MONTH TO DATE    0.0
  SINCE MAR 1      0.0
  SINCE JUL 1      0.0

DEGREE DAYS
 HEATING
  TODAY            2                         3     -1        0
  MONTH TO DATE   45                        90    -45       12
  SINCE MAR 1    190                       247    -57       54
  SINCE JUL 1    601                      1022   -421      706

 COOLING
  TODAY            0                         2     -2        5
  MONTH TO DATE   45                        35     10       71
  SINCE MAR 1     45                        55    -10      136
  SINCE JAN 1     81                        78      3      144
..................................................................


WIND (MPH)
  HIGHEST WIND SPEED     8   HIGHEST WIND DIRECTION     W (270)
  HIGHEST GUST SPEED    14   HIGHEST GUST DIRECTION     W (280)
  AVERAGE WIND SPEED     1.6


SKY COVER
  POSSIBLE SUNSHINE  MM
  AVERAGE SKY COVER 0.6


WEATHER CONDITIONS
 THE FOLLOWING WEATHER WAS RECORDED TODAY.
  HAZE


RELATIVE HUMIDITY (PERCENT)
 HIGHEST    86           100 AM
 LOWEST     49          1200 PM
 AVERAGE    68

..........................................................


THE DOWNTOWN LOS ANGELES (USC) CA CLIMATE NORMALS FOR TOMORROW
                         NORMAL    RECORD    YEAR
 MAXIMUM TEMPERATURE (F)   74       102      2004
 MINIMUM TEMPERATURE (F)   55        41      1900


SUNRISE AND SUNSET
APRIL 26 2018.........SUNRISE   609 AM PDT   SUNSET   733 PM PDT
APRIL 27 2018.........SUNRISE   608 AM PDT   SUNSET   734 PM PDT


-  INDICATES NEGATIVE NUMBERS.
R  INDICATES RECORD WAS SET OR TIED.
MM INDICATES DATA IS MISSING.
T  INDICATES TRACE AMOUNT.




$$
