000
CDUS44 KCRP 210032
CLICRP

CLIMATE REPORT
NATIONAL WEATHER SERVICE CORPUS CHRISTI TX
729 PM CDT SUN MAY 20 2018


...................................

...THE CORPUS CHRISTI CLIMATE SUMMARY FOR MAY 20 2018...
VALID TODAY AS OF 700 PM LOCAL TIME.

CLIMATE NORMAL PERIOD 1981 TO 2010
CLIMATE RECORD PERIOD 1887 TO 2018


WEATHER ITEM   OBSERVED TIME   RECORD YEAR NORMAL DEPARTURE LAST
                VALUE   (LST)  VALUE       VALUE  FROM      YEAR
                                                  NORMAL
..................................................................
TEMPERATURE (F)
 TODAY
  MAXIMUM         91    210 PM  97    1955  87      4       88
  MINIMUM         77    558 AM  57    2002  71      6       78
  AVERAGE         84                        79      5       83

PRECIPITATION (IN)
  TODAY            0.01          2.00 2000   0.11  -0.10      T
  MONTH TO DATE    0.08                      1.86  -1.78     0.34
  SINCE MAR 1      2.35                      5.59  -3.24     7.55
  SINCE JAN 1      4.08                      9.06  -4.98    10.39

SNOWFALL (IN)
  TODAY            0.0
  MONTH TO DATE    0.0
  SINCE MAR 1      0.0
  SINCE JUL 1      1.0
  SNOW DEPTH       0

DEGREE DAYS
 HEATING
  TODAY            0                         0      0        0
  MONTH TO DATE    0                         0      0        0
  SINCE MAR 1     42                        98    -56       16
  SINCE JUL 1    871                       898    -27      368

 COOLING
  TODAY           19                        14      5       18
  MONTH TO DATE  290                       248     42      254
  SINCE MAR 1    690                       600     90      760
  SINCE JAN 1    812                       676    136     1029
..................................................................


WIND (MPH)
  HIGHEST WIND SPEED    24   HIGHEST WIND DIRECTION     S (170)
  HIGHEST GUST SPEED    31   HIGHEST GUST DIRECTION     S (170)


SKY COVER
  POSSIBLE SUNSHINE  MM
  AVERAGE SKY COVER 0.7


WEATHER CONDITIONS
 THE FOLLOWING WEATHER WAS RECORDED TODAY.
  THUNDERSTORM
  LIGHT RAIN


RELATIVE HUMIDITY (PERCENT)
 HIGHEST    97           100 AM
 LOWEST     56           200 PM
 AVERAGE    77

..........................................................


THE CORPUS CHRISTI CLIMATE NORMALS FOR TOMORROW
                         NORMAL    RECORD    YEAR
 MAXIMUM TEMPERATURE (F)   87        98      1955
 MINIMUM TEMPERATURE (F)   71        59      2009
                                             1986


SUNRISE AND SUNSET
MAY 20 2018...........SUNRISE   638 AM CDT   SUNSET   815 PM CDT
MAY 21 2018...........SUNRISE   638 AM CDT   SUNSET   816 PM CDT


-  INDICATES NEGATIVE NUMBERS.
R  INDICATES RECORD WAS SET OR TIED.
MM INDICATES DATA IS MISSING.
T  INDICATES TRACE AMOUNT.




$$
