000
CDUS41 KRLX 260735
CLICRW


CLIMATE REPORT
NATIONAL WEATHER SERVICE CHARLESTON WV
335 AM EDT SAT MAY 26 2018


...................................

...THE CHARLESTON WV CLIMATE SUMMARY FOR MAY 25 2018...

CLIMATE NORMAL PERIOD 1981 TO 2010
CLIMATE RECORD PERIOD 1901 TO 2018


WEATHER ITEM   OBSERVED TIME   RECORD YEAR NORMAL DEPARTURE LAST
                VALUE   (LST)  VALUE       VALUE  FROM      YEAR
                                                  NORMAL
..................................................................
TEMPERATURE (F)
 YESTERDAY
  MAXIMUM         88    414 PM  92    1991  77     11       62
                                      1970
                                      1939
  MINIMUM         61    538 AM  33    1956  55      6       57
  AVERAGE         75                        66      9       60

PRECIPITATION (IN)
  YESTERDAY        0.00          1.48 1902   0.15  -0.15     0.31
  MONTH TO DATE    3.70                      3.80  -0.10     5.36
  SINCE JAN 1     23.26                     17.14   6.12    19.63

SNOWFALL (IN)
  YESTERDAY        0.0           0.0  2017   0.0    0.0      0.0
                                      2001
  MONTH TO DATE    0.0                       0.0    0.0      0.0
  SINCE SEP 1     19.3                      36.4  -17.1      7.5
  SNOW DEPTH       0

DEGREE DAYS
 HEATING
  YESTERDAY        0                         2     -2        5
  MONTH TO DATE    9                       105    -96      104
  SINCE MAR 1   1141                       999    142      821
  SINCE JUL 1   4412                      4453    -41     3528

 COOLING
  YESTERDAY       10                         3      7        0
  MONTH TO DATE  163                        52    111       63
  SINCE MAR 1    176                        84     92      116
  SINCE JAN 1    185                        84    101      116
..................................................................


WIND (MPH)
  HIGHEST WIND SPEED    13   HIGHEST WIND DIRECTION    SW (220)
  HIGHEST GUST SPEED    14   HIGHEST GUST DIRECTION    SW (220)
  AVERAGE WIND SPEED     3.5


SKY COVER
  POSSIBLE SUNSHINE  MM
  AVERAGE SKY COVER 0.5


WEATHER CONDITIONS
 THE FOLLOWING WEATHER WAS RECORDED YESTERDAY.
  FOG


RELATIVE HUMIDITY (PERCENT)
 HIGHEST   100           100 AM
 LOWEST     48           500 PM
 AVERAGE    74

..........................................................


THE CHARLESTON WV CLIMATE NORMALS FOR TODAY
                         NORMAL    RECORD    YEAR
 MAXIMUM TEMPERATURE (F)   77        94      1916
 MINIMUM TEMPERATURE (F)   56        37      1925


SUNRISE AND SUNSET
MAY 26 2018...........SUNRISE   607 AM EDT   SUNSET   840 PM EDT
MAY 27 2018...........SUNRISE   607 AM EDT   SUNSET   841 PM EDT


-  INDICATES NEGATIVE NUMBERS.
R  INDICATES RECORD WAS SET OR TIED.
MM INDICATES DATA IS MISSING.
T  INDICATES TRACE AMOUNT.




$$
