000
CDUS41 KRNK 220719
CLIDAN


CLIMATE REPORT
NATIONAL WEATHER SERVICE BLACKSBURG VA
318 AM EDT SUN APR 22 2018


...................................

...THE DANVILLE VA CLIMATE SUMMARY FOR APRIL 21 2018...

CLIMATE NORMAL PERIOD 1981 TO 2010
CLIMATE RECORD PERIOD 1948 TO 2018


WEATHER ITEM   OBSERVED TIME   RECORD YEAR NORMAL DEPARTURE LAST
                VALUE   (LST)  VALUE       VALUE  FROM      YEAR
                                                  NORMAL
..................................................................
TEMPERATURE (F)
 YESTERDAY
  MAXIMUM         68    534 PM  95    1985  72     -4       83
  MINIMUM         36    106 AM  27    1956  48    -12       58
  AVERAGE         52                        60     -8       71

PRECIPITATION (IN)
  YESTERDAY        0.00          0.40 1992   0.12  -0.12     0.07
  MONTH TO DATE    2.26                      2.47  -0.21     1.42
  SINCE MAR 1      5.81                      6.58  -0.77     4.07
  SINCE JAN 1     11.03                     13.01  -1.98     8.84

SNOWFALL (IN)
  YESTERDAY        0.0                                       0.0
  MONTH TO DATE    T                                         0.0
  SINCE MAR 1      7.4                                        T
  SINCE JUL 1     21.1                                       8.8
  SNOW DEPTH       0

DEGREE DAYS
 HEATING
  YESTERDAY       13                         6      7        0
  MONTH TO DATE  234                       185     49       99
  SINCE MAR 1    852                       695    157      577
  SINCE JUL 1   3517                      3696   -179     3033

 COOLING
  YESTERDAY        0                         1     -1        6
  MONTH TO DATE   14                        20     -6       39
  SINCE MAR 1     15                        23     -8       42
  SINCE JAN 1     15                        23     -8       47
..................................................................


WIND (MPH)
  HIGHEST WIND SPEED    12   HIGHEST WIND DIRECTION    NE (60)
  HIGHEST GUST SPEED    16   HIGHEST GUST DIRECTION    NE (60)
  AVERAGE WIND SPEED     4.0


SKY COVER
  AVERAGE SKY COVER 0.0


WEATHER CONDITIONS
 THE FOLLOWING WEATHER WAS RECORDED YESTERDAY.
  NO SIGNIFICANT WEATHER WAS OBSERVED.


RELATIVE HUMIDITY (PERCENT)
 HIGHEST    82          1200 AM
 LOWEST     24           500 PM
 AVERAGE    53

..........................................................


THE DANVILLE VA CLIMATE NORMALS FOR TODAY
                         NORMAL    RECORD    YEAR
 MAXIMUM TEMPERATURE (F)   72        95      1985
 MINIMUM TEMPERATURE (F)   49        27      1953


SUNRISE AND SUNSET
APRIL 22 2018.........SUNRISE   634 AM EDT   SUNSET   758 PM EDT
APRIL 23 2018.........SUNRISE   633 AM EDT   SUNSET   759 PM EDT


-  INDICATES NEGATIVE NUMBERS.
R  INDICATES RECORD WAS SET OR TIED.
MM INDICATES DATA IS MISSING.
T  INDICATES TRACE AMOUNT.

REMARKS:
DUE TO MISSING DATA FROM JANUARY 4-9, 21-22, AND MARCH 2-3...ALL
INFORMATION WILL BE CALCULATED WITHOUT DATA FROM THESE DATES.

$$
RCS
