000
CDUS41 KALY 210635
CLIDDH


CLIMATE REPORT
NATIONAL WEATHER SERVICE ALBANY NY
234 AM EDT SAT APR 21 2018


...................................

...THE BENNINGTON VT CLIMATE SUMMARY FOR APRIL 20 2018...

CLIMATE NORMAL PERIOD 1981 TO 2010
CLIMATE RECORD PERIOD 9999 TO 9999


WEATHER ITEM   OBSERVED TIME   NORMAL DEPARTURE LAST
                VALUE   (LST)  VALUE  FROM      YEAR
                                      NORMAL
......................................................
TEMPERATURE (F)
 YESTERDAY
  MAXIMUM         45    250 PM  59    -14       61
  MINIMUM         31    304 AM  36     -5       45
  AVERAGE         38            47     -9       53

PRECIPITATION (IN)
  YESTERDAY        T             0.10  -0.10     0.04
  MONTH TO DATE    1.37          2.26  -0.89     1.79
  SINCE MAR 1      3.26          5.41  -2.15     4.90
  SINCE JAN 1      9.92         10.40  -0.48     8.53

DEGREE DAYS
 HEATING
  YESTERDAY       27            18      9       12
  MONTH TO DATE  550           429    121      336
  SINCE MAR 1   1565          1413    152     1442
  SINCE JUL 1   6392          6664   -272     5977

 COOLING
  YESTERDAY        0             0      0        0
  MONTH TO DATE    0             0      0        3
  SINCE MAR 1      0             0      0        3
  SINCE JAN 1      0             0      0        3
......................................................


WIND (MPH)
  HIGHEST WIND SPEED    18   HIGHEST WIND DIRECTION     W (280)
  HIGHEST GUST SPEED    25   HIGHEST GUST DIRECTION    NW (320)
  AVERAGE WIND SPEED     7.5


SKY COVER
  AVERAGE SKY COVER 1.0



RELATIVE HUMIDITY (PERCENT)
 HIGHEST    85           100 AM
 LOWEST     45           100 PM
 AVERAGE    65

..........................................................


THE BENNINGTON VT CLIMATE NORMALS FOR TODAY
                         NORMAL
 MAXIMUM TEMPERATURE (F)   59
 MINIMUM TEMPERATURE (F)   36


SUNRISE AND SUNSET
APRIL 21 2018.........SUNRISE   602 AM EDT   SUNSET   742 PM EDT
APRIL 22 2018.........SUNRISE   600 AM EDT   SUNSET   743 PM EDT


-  INDICATES NEGATIVE NUMBERS.
R  INDICATES RECORD WAS SET OR TIED.
MM INDICATES DATA IS MISSING.
T  INDICATES TRACE AMOUNT.




$$
