000
CDUS42 KCAE 230723
CLIDNL


CLIMATE REPORT
NATIONAL WEATHER SERVICE COLUMBIA SC
323 AM EDT MON APR 23 2018


...................................

...THE AUGUSTA DANIEL FIELD GA CLIMATE SUMMARY FOR APRIL 22 2018...

CLIMATE NORMAL PERIOD 1981 TO 2010
CLIMATE RECORD PERIOD 9999 TO 9999


WEATHER ITEM   OBSERVED TIME   NORMAL DEPARTURE LAST
                VALUE   (LST)  VALUE  FROM      YEAR
                                      NORMAL
......................................................
TEMPERATURE (F)
 YESTERDAY
  MAXIMUM         72   1202 PM  77     -5       88
  MINIMUM         59    535 AM  55      4       65
  AVERAGE         66            66      0       77

PRECIPITATION (IN)
  YESTERDAY        0.18          0.07   0.11     0.00
  MONTH TO DATE    1.39          2.46  -1.07     2.15
  SINCE MAR 1      4.39          6.77  -2.38     4.24
  SINCE JAN 1      8.84         15.01  -6.17    16.60

DEGREE DAYS
 HEATING
  YESTERDAY        0             2     -2        0
  MONTH TO DATE   82            83     -1       23
  SINCE MAR 1    346           333     13      228
  SINCE JUL 1   1769          2146   -377     1235

 COOLING
  YESTERDAY        1             3     -2       12
  MONTH TO DATE   39            45     -6      137
  SINCE MAR 1     61            67     -6      208
  SINCE JAN 1    130            71     59      242
......................................................


WIND (MPH)
  HIGHEST WIND SPEED    15   HIGHEST WIND DIRECTION    SE (120)
  HIGHEST GUST SPEED    22   HIGHEST GUST DIRECTION     S (160)
  AVERAGE WIND SPEED     8.0


SKY COVER
  AVERAGE SKY COVER 0.8


WEATHER CONDITIONS
 THE FOLLOWING WEATHER WAS RECORDED YESTERDAY.
  LIGHT RAIN
  FOG


RELATIVE HUMIDITY (PERCENT)
 HIGHEST    87           400 PM
 LOWEST     53          1100 AM

..........................................................


THE AUGUSTA DANIEL FIELD GA CLIMATE NORMALS FOR TODAY
                         NORMAL    RECORD    YEAR
 MAXIMUM TEMPERATURE (F)   77        MM        MM
 MINIMUM TEMPERATURE (F)   55        MM        MM


SUNRISE AND SUNSET
APRIL 23 2018.........SUNRISE   648 AM EDT   SUNSET   805 PM EDT
APRIL 24 2018.........SUNRISE   647 AM EDT   SUNSET   806 PM EDT


-  INDICATES NEGATIVE NUMBERS.
R  INDICATES RECORD WAS SET OR TIED.
MM INDICATES DATA IS MISSING.
T  INDICATES TRACE AMOUNT.




$$
