023
CDUS42 KAKQ 240535
CLIECG


CLIMATE REPORT
NATIONAL WEATHER SERVICE WAKEFIELD, VA
135 AM EDT TUE APR 24 2018


...................................

...THE ELIZABETH CITY NC CLIMATE SUMMARY FOR APRIL 23 2018...

CLIMATE NORMAL PERIOD 1981 TO 2010
CLIMATE RECORD PERIOD 1934 TO 2018


WEATHER ITEM   OBSERVED TIME   RECORD YEAR NORMAL DEPARTURE LAST
                VALUE   (LST)  VALUE       VALUE  FROM      YEAR
                                                  NORMAL
..................................................................
TEMPERATURE (F)
 YESTERDAY
  MAXIMUM         70   1200 PM  95    1985  71     -1       61
  MINIMUM         50   1222 AM  36    1940  50      0       54
  AVERAGE         60                        61     -1       58

PRECIPITATION (IN)
  YESTERDAY        0.00          1.20 1984   0.10  -0.10     0.25
  MONTH TO DATE    3.27                      2.46   0.81     2.06
  SINCE MAR 1      7.69                      6.44   1.25     5.85
  SINCE JAN 1     14.33                     12.88   1.45    10.46

SNOWFALL (IN)
  YESTERDAY        0.0           0.0  2002  MM     MM
  MONTH TO DATE    0.0                      MM     MM
  SINCE NOV 1      6.8                      MM     MM
  SINCE JUL 1      6.8                      MM     MM
  SNOW DEPTH       0

DEGREE DAYS
 HEATING
  YESTERDAY        5                         6     -1        7
  MONTH TO DATE  200                       188     12       83
  SINCE MAR 1    784                       653    131      558
  SINCE JUL 1   3075                      3125    -50     2653

 COOLING
  YESTERDAY        0                         1     -1        0
  MONTH TO DATE   13                        23    -10       65
  SINCE MAR 1     16                        28    -12       72
  SINCE JAN 1     45                        30     15       75
..................................................................


WIND (MPH)
  HIGHEST WIND SPEED    23   HIGHEST WIND DIRECTION     E (100)
  HIGHEST GUST SPEED    30   HIGHEST GUST DIRECTION     E (90)
  AVERAGE WIND SPEED    12.6


SKY COVER
  POSSIBLE SUNSHINE  MM
  AVERAGE SKY COVER 0.1


WEATHER CONDITIONS
 THE FOLLOWING WEATHER WAS RECORDED YESTERDAY.
  NO SIGNIFICANT WEATHER WAS OBSERVED.


RELATIVE HUMIDITY (PERCENT)
 HIGHEST    89           400 AM
 LOWEST     48           400 PM
 AVERAGE    69

..........................................................


THE ELIZABETH CITY NC CLIMATE NORMALS FOR TODAY
                         NORMAL    RECORD    YEAR
 MAXIMUM TEMPERATURE (F)   72        92      1960
 MINIMUM TEMPERATURE (F)   50        38      1942
                                             1936


SUNRISE AND SUNSET
APRIL 24 2018.........SUNRISE   620 AM EDT   SUNSET   746 PM EDT
APRIL 25 2018.........SUNRISE   619 AM EDT   SUNSET   747 PM EDT


-  INDICATES NEGATIVE NUMBERS.
R  INDICATES RECORD WAS SET OR TIED.
MM INDICATES DATA IS MISSING.
T  INDICATES TRACE AMOUNT.




$$
