000
CDUS43 KTOP 220633
CLIEMP


CLIMATE REPORT
NATIONAL WEATHER SERVICE TOPEKA KS
131 AM CDT SUN APR 22 2018


...................................

...THE EMPORIA KS CLIMATE SUMMARY FOR APRIL 21 2018...

CLIMATE NORMAL PERIOD 1981 TO 2010
CLIMATE RECORD PERIOD 9999 TO 9999


WEATHER ITEM   OBSERVED NORMAL DEPARTURE LAST
                VALUE   VALUE  FROM      YEAR
                               NORMAL
...............................................
TEMPERATURE (F)
 YESTERDAY
  MAXIMUM         53     69    -16       57
  MINIMUM         44     46     -2       45
  AVERAGE         49     58     -9       51

PRECIPITATION (IN)
  YESTERDAY        0.80   0.13   0.67     0.73
  MONTH TO DATE    0.99   2.04  -1.05     4.21
  SINCE MAR 1      3.18   4.57  -1.39     8.40
  SINCE JAN 1      4.51   6.43  -1.92    10.14

DEGREE DAYS
 HEATING
  YESTERDAY       16      8      8       14
  MONTH TO DATE  425    237    188      141
  SINCE MAR 1   1016    847    169      617
  SINCE JUL 1   4744   4669     75     3708

 COOLING
  YESTERDAY        0      1     -1        0
  MONTH TO DATE    4     15    -11       30
  SINCE MAR 1      4     17    -13       42
  SINCE JAN 1      4     17    -13       42
...............................................


WIND (MPH)
  HIGHEST WIND SPEED    16   HIGHEST WIND DIRECTION    NE (30)
  HIGHEST GUST SPEED    23   HIGHEST GUST DIRECTION     E (100)
  AVERAGE WIND SPEED     8.7


SKY COVER
  AVERAGE SKY COVER 1.0


WEATHER CONDITIONS
 THE FOLLOWING WEATHER WAS RECORDED YESTERDAY.
  RAIN
  LIGHT RAIN
  FOG


RELATIVE HUMIDITY (PERCENT)
 HIGHEST    92
 LOWEST     41
 AVERAGE    67

..........................................................


THE EMPORIA KS CLIMATE NORMALS FOR TODAY
                         NORMAL
 MAXIMUM TEMPERATURE (F)   70
 MINIMUM TEMPERATURE (F)   46


SUNRISE AND SUNSET
APRIL 22 2018.........SUNRISE   639 AM CDT   SUNSET   808 PM CDT
APRIL 23 2018.........SUNRISE   638 AM CDT   SUNSET   809 PM CDT


-  INDICATES NEGATIVE NUMBERS.
R  INDICATES RECORD WAS SET OR TIED.
MM INDICATES DATA IS MISSING.
T  INDICATES TRACE AMOUNT.




$$
