000
CDUS43 KFGF 222158
CLIFAR


CLIMATE REPORT
NATIONAL WEATHER SERVICE EASTERN NORTH DAKOTA/GRAND FORKS
454 PM CDT SUN APR 22 2018


...................................

...THE FARGO HECTOR INTL AP ND CLIMATE SUMMARY FOR APRIL 22 2018...
VALID TODAY AS OF 0400 PM LOCAL TIME.

CLIMATE NORMAL PERIOD 1981 TO 2010
CLIMATE RECORD PERIOD 1881 TO 2018


WEATHER ITEM   OBSERVED TIME   RECORD YEAR NORMAL DEPARTURE LAST
                VALUE   (LST)  VALUE       VALUE  FROM      YEAR
                                                  NORMAL
..................................................................
TEMPERATURE (F)
 TODAY
  MAXIMUM         65    259 PM  89    1990  60      5       71
  MINIMUM         35    404 AM  19    1988  36     -1       37
                                      1909
  AVERAGE         50                        48      2       54

PRECIPITATION (IN)
  TODAY            0.00          1.40 1902   0.04  -0.04      T
  MONTH TO DATE    0.33                      0.89  -0.56     0.95
  SINCE MAR 1      2.26                      2.19   0.07     1.28
  SINCE JAN 1      3.30                      3.50  -0.20     3.05

SNOWFALL (IN)
  TODAY            0.0          10.0  1902   0.1   -0.1      0.0
  MONTH TO DATE    3.8                       2.5    1.3      0.0
  SINCE MAR 1     22.8                      11.6   11.2      1.6
  SINCE JUL 1     50.0                      49.6    0.4     30.9
  SNOW DEPTH       0

DEGREE DAYS
 HEATING
  TODAY           15                        17     -2       11
  MONTH TO DATE  792                       503    289      372
  SINCE MAR 1   1989                      1655    334     1462
  SINCE JUL 1   8636                      8333    303     6960

 COOLING
  TODAY            0                         0      0        0
  MONTH TO DATE    0                         0      0        0
  SINCE MAR 1      0                         0      0        0
  SINCE JAN 1      0                         0      0        0
..................................................................


WIND (MPH)
  HIGHEST WIND SPEED    23   HIGHEST WIND DIRECTION     S (190)
  HIGHEST GUST SPEED    37   HIGHEST GUST DIRECTION     S (180)
  AVERAGE WIND SPEED    12.5


SKY COVER
  POSSIBLE SUNSHINE  MM
  AVERAGE SKY COVER 0.1


WEATHER CONDITIONS
 THE FOLLOWING WEATHER WAS RECORDED TODAY.
  NO SIGNIFICANT WEATHER WAS OBSERVED.


RELATIVE HUMIDITY (PERCENT)
 HIGHEST    89           400 AM
 LOWEST     37           300 PM
 AVERAGE    63

..........................................................


THE FARGO HECTOR INTL AP ND CLIMATE NORMALS FOR TOMORROW
                         NORMAL    RECORD    YEAR
 MAXIMUM TEMPERATURE (F)   61        91      1990
 MINIMUM TEMPERATURE (F)   36        14      1918


SUNRISE AND SUNSET
APRIL 22 2018.........SUNRISE   627 AM CDT   SUNSET   825 PM CDT
APRIL 23 2018.........SUNRISE   625 AM CDT   SUNSET   827 PM CDT


-  INDICATES NEGATIVE NUMBERS.
R  INDICATES RECORD WAS SET OR TIED.
MM INDICATES DATA IS MISSING.
T  INDICATES TRACE AMOUNT.

$$
