000
CDUS42 KRAH 250104
CLIFAY


CLIMATE REPORT
NATIONAL WEATHER SERVICE RALEIGH NC
901 PM EDT THU MAY 24 2018


...................................

...THE FAYETTEVILLE REGL AIRPORT NC CLIMATE SUMMARY FOR MAY 24 2018...
VALID AS OF 0901 PM LOCAL TIME.

CLIMATE NORMAL PERIOD 1981 TO 2010
CLIMATE RECORD PERIOD 1910 TO 2018


WEATHER ITEM   OBSERVED TIME   RECORD YEAR NORMAL DEPARTURE LAST
                VALUE   (LST)  VALUE       VALUE  FROM      YEAR
                                                  NORMAL
..................................................................
TEMPERATURE (F)
 TODAY
  MAXIMUM         86    212 PM  99    1938  84      2       81
  MINIMUM         70    205 AM  42    1931  62      8       67
  AVERAGE         78                        73      5       74

PRECIPITATION (IN)
  TODAY            0.01          1.45 2017   0.13  -0.12     1.45
  MONTH TO DATE    1.57                      2.27  -0.70     5.06
  SINCE MAR 1      7.36                      8.64  -1.28    12.00
  SINCE JAN 1     12.06                     14.70  -2.64    15.42

DEGREE DAYS
 HEATING
  TODAY            0                         0      0        0
  MONTH TO DATE    0                        23    -23       12
  SINCE MAR 1    637                       505    132      405
  SINCE JUL 1   2703                      2730    -27     2027

 COOLING
  TODAY           13                         8      5        9
  MONTH TO DATE  248                       136    112      192
  SINCE MAR 1    289                       215     74      395
  SINCE JAN 1    337                       219    118      410
..................................................................


WIND (MPH)
  HIGHEST WIND SPEED    20   HIGHEST WIND DIRECTION    SE (120)
  HIGHEST GUST SPEED    27   HIGHEST GUST DIRECTION     E (110)
  AVERAGE WIND SPEED     5.8


SKY COVER
  POSSIBLE SUNSHINE  MM
  AVERAGE SKY COVER 0.7


WEATHER CONDITIONS
 THE FOLLOWING WEATHER WAS RECORDED TODAY.
  LIGHT RAIN
  FOG
  HAZE


RELATIVE HUMIDITY (PERCENT)
 HIGHEST   100          1000 AM
 LOWEST     61           200 PM
 AVERAGE    81

..........................................................




SUNRISE AND SUNSET
MAY 24 2018...........SUNRISE   606 AM EDT   SUNSET   819 PM EDT
MAY 25 2018...........SUNRISE   606 AM EDT   SUNSET   820 PM EDT


-  INDICATES NEGATIVE NUMBERS.
R  INDICATES RECORD WAS SET OR TIED.
MM INDICATES DATA IS MISSING.
T  INDICATES TRACE AMOUNT.




$$
