000
CDUS43 KFGF 210634
CLIFGF


CLIMATE REPORT
NATIONAL WEATHER SERVICE EASTERN NORTH DAKOTA/GRAND FORKS
134 AM CDT MON MAY 21 2018


...................................

...THE GRAND FORKS UNIV. (NWS) ND CLIMATE SUMMARY FOR MAY 20 2018...

CLIMATE NORMAL PERIOD 1981 TO 2010
CLIMATE RECORD PERIOD 1893 TO 2018


WEATHER ITEM   OBSERVED TIME   RECORD YEAR NORMAL DEPARTURE LAST
                VALUE   (LST)  VALUE       VALUE  FROM      YEAR
                                                  NORMAL
..................................................................
TEMPERATURE (F)
 YESTERDAY
  MAXIMUM         75        MM  90    1994  70      5       54
  MINIMUM         39        MM  20    1907  45     -6       41
  AVERAGE         57                        57      0       48

PRECIPITATION (IN)
  YESTERDAY        0.00          1.42 2013   0.10  -0.10     0.30
  MONTH TO DATE    1.34                      1.62  -0.28     0.65
  SINCE MAR 1      3.38                      3.62  -0.24     2.97
  SINCE JAN 1      4.51                      4.92  -0.41     4.07

SNOWFALL (IN)
  YESTERDAY        0.0           0.1  1931   0.0    0.0      0.0
  MONTH TO DATE    0.0                       0.1   -0.1      0.0
  SINCE MAR 1     18.4                       8.1   10.3      6.8
  SINCE JUL 1     57.0                      43.4   13.6     49.7
  SNOW DEPTH       0

DEGREE DAYS
 HEATING
  YESTERDAY        8                         9     -1       17
  MONTH TO DATE  174                       234    -60      179
  SINCE MAR 1   2298                      2089    209     2012
  SINCE JUL 1   9278                      9049    229     7960

 COOLING
  YESTERDAY        0                         1     -1        0
  MONTH TO DATE    7                        15     -8        0
  SINCE MAR 1      7                        18    -11        0
  SINCE JAN 1      7                        18    -11        0
..................................................................


WIND (MPH)
  RESULTANT WIND SPEED  MM   RESULTANT WIND DIRECTION  MM
  HIGHEST WIND SPEED    MM   HIGHEST WIND DIRECTION    MM
  HIGHEST GUST SPEED    MM   HIGHEST GUST DIRECTION    MM
  AVERAGE WIND SPEED    MM


SKY COVER
  POSSIBLE SUNSHINE  MM
  AVERAGE SKY COVER  MM


WEATHER CONDITIONS
 THE FOLLOWING WEATHER WAS RECORDED YESTERDAY.
  NO SIGNIFICANT WEATHER WAS OBSERVED.


RELATIVE HUMIDITY (PERCENT)
 HIGHEST    MM
 LOWEST     MM
 AVERAGE    MM

..........................................................


THE GRAND FORKS UNIV. (NWS) ND CLIMATE NORMALS FOR TODAY
                         NORMAL    RECORD    YEAR
 MAXIMUM TEMPERATURE (F)   70       100      1964
 MINIMUM TEMPERATURE (F)   45        25      1924


SUNRISE AND SUNSET
MAY 21 2018...........SUNRISE   543 AM CDT   SUNSET   908 PM CDT
MAY 22 2018...........SUNRISE   542 AM CDT   SUNSET   909 PM CDT


-  INDICATES NEGATIVE NUMBERS.
R  INDICATES RECORD WAS SET OR TIED.
MM INDICATES DATA IS MISSING.
T  INDICATES TRACE AMOUNT.




$$
