799
CDUS42 KTBW 192127
CLIFMY


CLIMATE REPORT
NATIONAL WEATHER SERVICE TAMPA BAY FL
520 PM EDT THU APR 19 2018


...................................

...THE FORT MYERS CLIMATE SUMMARY FOR APRIL 19 2018...
VALID TODAY AS OF 0500 PM LOCAL TIME.

CLIMATE NORMAL PERIOD 1981 TO 2010
CLIMATE RECORD PERIOD 1902 TO 2018


WEATHER ITEM   OBSERVED TIME   RECORD YEAR NORMAL DEPARTURE LAST
                VALUE   (LST)  VALUE       VALUE  FROM      YEAR
                                                  NORMAL
..................................................................
TEMPERATURE (F)
 TODAY
  MAXIMUM         86    111 PM  93    1972  85      1       MM
  MINIMUM         64    547 AM  49    2001  64      0       MM
  AVERAGE         75                        74      1       MM

PRECIPITATION (IN)
  TODAY            0.00          1.77 1994   0.07  -0.07     0.00
  MONTH TO DATE    0.98                      1.42  -0.44     0.04
  SINCE MAR 1      1.49                      4.30  -2.81     0.20
  SINCE JAN 1      3.53                      8.39  -4.86     2.45

DEGREE DAYS
 HEATING
  TODAY            0                         0      0       MM
  MONTH TO DATE    0                         0      0        0
  SINCE MAR 1     22                        24     -2       11
  SINCE JUL 1    208                       284    -76       76

 COOLING
  TODAY           10                         9      1       MM
  MONTH TO DATE  220                       155     65      133
  SINCE MAR 1    366                       331     35      376
  SINCE JAN 1    730                       516    214      718
..................................................................


WIND (MPH)
  RESULTANT WIND SPEED   2   RESULTANT WIND DIRECTION   W (280)
  HIGHEST WIND SPEED    15   HIGHEST WIND DIRECTION     W (280)
  HIGHEST GUST SPEED    22   HIGHEST GUST DIRECTION     W (250)
  AVERAGE WIND SPEED     4.0


SKY COVER
  POSSIBLE SUNSHINE  MM
  AVERAGE SKY COVER 0.0


WEATHER CONDITIONS
 THE FOLLOWING WEATHER WAS RECORDED TODAY.
  FOG


RELATIVE HUMIDITY (PERCENT)
 HIGHEST   100           600 AM
 LOWEST     44           200 PM

..........................................................


THE FORT MYERS CLIMATE NORMALS FOR TOMORROW
                         NORMAL    RECORD    YEAR
 MAXIMUM TEMPERATURE (F)   85        94      1944
 MINIMUM TEMPERATURE (F)   64        51      1983


SUNRISE AND SUNSET
APRIL 19 2018.........SUNRISE   700 AM EDT   SUNSET   754 PM EDT
APRIL 20 2018.........SUNRISE   659 AM EDT   SUNSET   754 PM EDT


-  INDICATES NEGATIVE NUMBERS.
R  INDICATES RECORD WAS SET OR TIED.
MM INDICATES DATA IS MISSING.
T  INDICATES TRACE AMOUNT.




$$


&&
------------------------------------------------------------------
******************** SUPPLEMENTAL DATA ***************************

...GULF WATER TEMPERATURE AT FORT MYERS BEACH 78 DEGREES
