000
CDUS46 KSGX 201125
CLIFUL


CLIMATE REPORT
NATIONAL WEATHER SERVICE SAN DIEGO, CA
425 AM PDT FRI APR 20 2018


...................................

...THE FULLERTON AIRPORT CA CLIMATE SUMMARY FOR APRIL 19 2018...

CLIMATE NORMAL PERIOD 1981 TO 2010
CLIMATE RECORD PERIOD 1998 TO 2018


WEATHER ITEM   OBSERVED TIME   RECORD YEAR NORMAL DEPARTURE LAST
                VALUE   (LST)  VALUE       VALUE  FROM      YEAR
                                                  NORMAL
..................................................................
TEMPERATURE (F)
 YESTERDAY
  MAXIMUM         66    326 PM 100    2009  73     -7       77
  MINIMUM         51    523 AM  46    2007  53     -2       61
  AVERAGE         59                        63     -4       69

PRECIPITATION (IN)
  YESTERDAY        0.02R         0.00   MM   0.03  -0.01     0.00
  MONTH TO DATE    0.02                      0.54  -0.52     0.03
  SINCE OCT 1      3.07                     12.88  -9.81    16.37
  SINCE JAN 1      2.99                      8.98  -5.99    10.46

DEGREE DAYS
 HEATING
  YESTERDAY        6                         3      3        0
  MONTH TO DATE   28                        74    -46       15
  SINCE MAR 1    160                       244    -84       72
  SINCE JUL 1    610                      1166   -556      769

 COOLING
  YESTERDAY        0                         1     -1        4
  MONTH TO DATE   37                        16     21       28
  SINCE MAR 1     40                        29     11       66
  SINCE JAN 1     77                        38     39       69
..................................................................


WIND (MPH)
  RESULTANT WIND SPEED   4   RESULTANT WIND DIRECTION   S (200)
  HIGHEST WIND SPEED    15   HIGHEST WIND DIRECTION     S (200)
  HIGHEST GUST SPEED    21   HIGHEST GUST DIRECTION    SW (210)
  AVERAGE WIND SPEED     4.9


SKY COVER
  POSSIBLE SUNSHINE  MM
  AVERAGE SKY COVER 0.4


WEATHER CONDITIONS
 THE FOLLOWING WEATHER WAS RECORDED YESTERDAY.
  LIGHT RAIN


RELATIVE HUMIDITY (PERCENT)
 HIGHEST    83           900 PM
 LOWEST     40           400 PM
 AVERAGE    62

..........................................................


THE FULLERTON AIRPORT CA CLIMATE NORMALS FOR TODAY
                         NORMAL    RECORD    YEAR
 MAXIMUM TEMPERATURE (F)   73       100      2009
 MINIMUM TEMPERATURE (F)   53        49      2007


SUNRISE AND SUNSET
APRIL 20 2018.........SUNRISE   615 AM PDT   SUNSET   727 PM PDT
APRIL 21 2018.........SUNRISE   614 AM PDT   SUNSET   728 PM PDT


-  INDICATES NEGATIVE NUMBERS.
R  INDICATES RECORD WAS SET OR TIED.
MM INDICATES DATA IS MISSING.
T  INDICATES TRACE AMOUNT.




$$
