000
CDUS44 KTSA 252122
CLIFYV

CLIMATE REPORT
NATIONAL WEATHER SERVICE TULSA OK
417 PM CDT WED APR 25 2018


...................................

...THE FAYETTEVILLE ARKANSAS CLIMATE SUMMARY FOR APRIL 25 2018...
VALID TODAY AS OF 0400 PM LOCAL TIME.

CLIMATE NORMAL PERIOD 1981 TO 2010
CLIMATE RECORD PERIOD 1905 TO 2018


WEATHER ITEM   OBSERVED TIME   RECORD YEAR NORMAL DEPARTURE LAST
                VALUE   (LST)  VALUE       VALUE  FROM      YEAR
                                                  NORMAL
..................................................................
TEMPERATURE (F)
 TODAY
  MAXIMUM         55    223 PM  85    1989  72    -17       79
  MINIMUM         43    352 AM  27    2013  48     -5       48
  AVERAGE         49                        60    -11       64

PRECIPITATION (IN)
  TODAY            0.26                      0.17   0.09     0.00
  MONTH TO DATE    1.36                      3.71  -2.35     4.66
  SINCE MAR 1      6.76                      7.66  -0.90    10.61
  SINCE JAN 1     16.38                     13.31   3.07    14.11

SNOWFALL (IN)
  TODAY            0.0                                       0.0
  MONTH TO DATE    T                                         0.0
  SINCE MAR 1      T                                         0.2
  SINCE JUL 1      0.4                                       1.0

DEGREE DAYS
 HEATING
  TODAY           16                         6     10        1
  MONTH TO DATE  371                       240    131      129
  SINCE MAR 1    839                       766     73      516
  SINCE JUL 1   3968                      4069   -101     3087

 COOLING
  TODAY            0                         1     -1        0
  MONTH TO DATE    8                        22    -14       15
  SINCE MAR 1      8                        26    -18       28
  SINCE JAN 1     11                        26    -15       33
..................................................................


WIND (MPH)
  HIGHEST WIND SPEED    20   HIGHEST WIND DIRECTION    NW (330)
  HIGHEST GUST SPEED    24   HIGHEST GUST DIRECTION     N (340)
  AVERAGE WIND SPEED     3.1


SKY COVER
  POSSIBLE SUNSHINE  MM
  AVERAGE SKY COVER 0.4


WEATHER CONDITIONS
 THE FOLLOWING WEATHER WAS RECORDED TODAY.
  RAIN
  LIGHT RAIN
  FOG


RELATIVE HUMIDITY (PERCENT)
 HIGHEST   100           300 PM
 LOWEST     80           100 AM
 AVERAGE    90

..........................................................


THE FAYETTEVILLE ARKANSAS CLIMATE NORMALS FOR TOMORROW
                         NORMAL    RECORD    YEAR
 MAXIMUM TEMPERATURE (F)   72        88      1987
 MINIMUM TEMPERATURE (F)   48        32      1977


SUNRISE AND SUNSET
APRIL 25 2018.........SUNRISE   631 AM CDT   SUNSET   759 PM CDT
APRIL 26 2018.........SUNRISE   630 AM CDT   SUNSET   800 PM CDT


-  INDICATES NEGATIVE NUMBERS.
R  INDICATES RECORD WAS SET OR TIED.
MM INDICATES DATA IS MISSING.
T  INDICATES TRACE AMOUNT.




$$
