000
CDUS45 KGJT 210725
CLIGJT


CLIMATE REPORT
NATIONAL WEATHER SERVICE GRAND JUNCTION CO
123 AM MDT SAT APR 21 2018


...................................

...THE GRAND JUNCTION CO CLIMATE SUMMARY FOR APRIL 20 2018...

CLIMATE NORMAL PERIOD 1981 TO 2010
CLIMATE RECORD PERIOD 1893 TO 2018


WEATHER ITEM   OBSERVED TIME   RECORD YEAR NORMAL DEPARTURE LAST
                VALUE   (LST)  VALUE       VALUE  FROM      YEAR
                                                  NORMAL
..................................................................
TEMPERATURE (F)
 YESTERDAY
  MAXIMUM         62   1204 AM  85    1989  67     -5       74
  MINIMUM         42   1159 PM  25    1967  39      3       40
  AVERAGE         52                        53     -1       57

PRECIPITATION (IN)
  YESTERDAY        0.05          0.66 1985   0.03   0.02     0.01
  MONTH TO DATE    0.69                      0.63   0.06     0.15
  SINCE MAR 1      1.28                      1.55  -0.27     0.54
  SINCE JAN 1      2.76                      2.67   0.09     2.09

SNOWFALL (IN)
  YESTERDAY        0.0           1.2  1933   0.0    0.0      0.0
  MONTH TO DATE    0.0                       0.8   -0.8      0.0
  SINCE MAR 1      0.2                       3.4   -3.2       T
  SINCE JUL 1      9.0                      18.9   -9.9     13.9
  SNOW DEPTH       0

DEGREE DAYS
 HEATING
  YESTERDAY       13                        12      1        8
  MONTH TO DATE  258                       297    -39      221
  SINCE MAR 1    870                       950    -80      661
  SINCE JUL 1   4840                      5329   -489     4308

 COOLING
  YESTERDAY        0                         0      0        0
  MONTH TO DATE    0                         0      0        1
  SINCE MAR 1      0                         0      0        1
  SINCE JAN 1      0                         0      0        1
..................................................................


WIND (MPH)
  HIGHEST WIND SPEED    33   HIGHEST WIND DIRECTION    SE (150)
  HIGHEST GUST SPEED    42   HIGHEST GUST DIRECTION    SE (150)
  AVERAGE WIND SPEED    11.6


SKY COVER
  POSSIBLE SUNSHINE  MM
  AVERAGE SKY COVER 0.8


WEATHER CONDITIONS
 THE FOLLOWING WEATHER WAS RECORDED YESTERDAY.
  RAIN
  LIGHT RAIN
  FOG


RELATIVE HUMIDITY (PERCENT)
 HIGHEST    89          1000 PM
 LOWEST     21           200 AM
 AVERAGE    55

..........................................................


THE GRAND JUNCTION CO CLIMATE NORMALS FOR TODAY
                         NORMAL    RECORD    YEAR
 MAXIMUM TEMPERATURE (F)   67        87      1946
 MINIMUM TEMPERATURE (F)   40        24      1967


SUNRISE AND SUNSET
APRIL 21 2018.........SUNRISE   629 AM MDT   SUNSET   757 PM MDT
APRIL 22 2018.........SUNRISE   627 AM MDT   SUNSET   758 PM MDT


-  INDICATES NEGATIVE NUMBERS.
R  INDICATES RECORD WAS SET OR TIED.
MM INDICATES DATA IS MISSING.
T  INDICATES TRACE AMOUNT.




$$
