799
CDUS45 KTFX 240902
CLIGTF


CLIMATE REPORT
NATIONAL WEATHER SERVICE GREAT FALLS MT
301 AM MDT TUE APR 24 2018


...................................

...THE GREAT FALLS MT CLIMATE SUMMARY FOR APRIL 23 2018...

CLIMATE NORMAL PERIOD 1981 TO 2010
CLIMATE RECORD PERIOD 1886 TO 2018


WEATHER ITEM   OBSERVED TIME   RECORD YEAR NORMAL DEPARTURE LAST
                VALUE   (LST)  VALUE       VALUE  FROM      YEAR
                                                  NORMAL
..................................................................
TEMPERATURE (F)
 YESTERDAY
  MAXIMUM         51    418 PM  84    2012  58     -7       52
  MINIMUM         27   1152 PM  16    1931  32     -5       38
                                      1893
  AVERAGE         39                        45     -6       45

PRECIPITATION (IN)
  YESTERDAY        0.00          1.24 1892   0.05  -0.05     0.16
  MONTH TO DATE    1.47                      1.05   0.42     3.01
  SINCE OCT 1      7.08                      4.94   2.14     7.77
  SINCE JAN 1      4.22                      2.94   1.28     4.84

SNOWFALL (IN)
  YESTERDAY        0.0           9.2  1960   0.3   -0.3      0.0
  MONTH TO DATE   20.2                       7.0   13.2      5.0
  SINCE MAR 1     32.6                      18.9   13.7     10.6
  SINCE JUL 1    104.9                      58.9   46.0     48.4
  SNOW DEPTH       0

DEGREE DAYS
 HEATING
  YESTERDAY       26                        20      6       20
  MONTH TO DATE  699                       527    172      482
  SINCE MAR 1   1796                      1480    316     1321
  SINCE JUL 1   7685                      6985    700     7019

 COOLING
  YESTERDAY        0                         0      0        0
  MONTH TO DATE    0                         0      0        0
  SINCE MAR 1      0                         0      0        0
  SINCE JAN 1      0                         0      0        0
..................................................................


WIND (MPH)
  HIGHEST WIND SPEED    17   HIGHEST WIND DIRECTION    NE (40)
  HIGHEST GUST SPEED    22   HIGHEST GUST DIRECTION    NE (40)
  AVERAGE WIND SPEED     7.7


SKY COVER
  AVERAGE SKY COVER 0.5


WEATHER CONDITIONS
 THE FOLLOWING WEATHER WAS RECORDED YESTERDAY.
  NO SIGNIFICANT WEATHER WAS OBSERVED.


RELATIVE HUMIDITY (PERCENT)
 HIGHEST    70           600 AM
 LOWEST     31           700 PM
 AVERAGE    51

..........................................................


THE GREAT FALLS MT CLIMATE NORMALS FOR TODAY
                         NORMAL    RECORD    YEAR
 MAXIMUM TEMPERATURE (F)   58        83      1910
 MINIMUM TEMPERATURE (F)   32        11      2009


SUNRISE AND SUNSET
APRIL 24 2018.........SUNRISE   620 AM MDT   SUNSET   828 PM MDT
APRIL 25 2018.........SUNRISE   619 AM MDT   SUNSET   829 PM MDT


-  INDICATES NEGATIVE NUMBERS.
R  INDICATES RECORD WAS SET OR TIED.
MM INDICATES DATA IS MISSING.
T  INDICATES TRACE AMOUNT.




$$
