000
CDUS43 KICT 252206
CLIICT


CLIMATE REPORT
NATIONAL WEATHER SERVICE WICHITA KS
506 PM CDT WED APR 25 2018


...................................

...THE WICHITA EISENHOWER NATIONAL CLIMATE SUMMARY FOR APRIL 25 2018...
VALID TODAY AS OF 0500 PM LOCAL TIME.

CLIMATE NORMAL PERIOD 1981 TO 2010
CLIMATE RECORD PERIOD 1888 TO 2018


WEATHER ITEM   OBSERVED TIME   RECORD YEAR NORMAL DEPARTURE LAST
                VALUE   (LST)  VALUE       VALUE  FROM      YEAR
                                                  NORMAL
..................................................................
TEMPERATURE (F)
 TODAY
  MAXIMUM         49    319 PM  95    2012  71    -22       75
  MINIMUM         45    717 AM  33    2013  48     -3       46
  AVERAGE         47                        59    -12       61

PRECIPITATION (IN)
  TODAY            0.40          1.32 1915   0.10   0.30     0.01
  MONTH TO DATE    1.76                      2.05  -0.29     5.62
  SINCE MAR 1      2.88                      4.74  -1.86     9.12
  SINCE JAN 1      3.36                      6.75  -3.39    12.74

SNOWFALL (IN)
  TODAY           MM             T    2011   0.0   MM        0.0
  MONTH TO DATE    1.0                       0.2    0.8      0.0
  SINCE MAR 1      1.0                       2.5   -1.5       T
  SINCE JUL 1      2.0                      14.9  -12.9      2.0
  SNOW DEPTH       0

DEGREE DAYS
 HEATING
  TODAY           18                         7     11        4
  MONTH TO DATE  414                       260    154      160
  SINCE MAR 1    896                       837     59      589
  SINCE JUL 1   4252                      4477   -225     3433

 COOLING
  TODAY            0                         1     -1        0
  MONTH TO DATE    8                        18    -10       27
  SINCE MAR 1      8                        20    -12       45
  SINCE JAN 1      8                        20    -12       45
..................................................................


WIND (MPH)
  HIGHEST WIND SPEED    24   HIGHEST WIND DIRECTION    NW (320)
  HIGHEST GUST SPEED    29   HIGHEST GUST DIRECTION     N (350)
  AVERAGE WIND SPEED    17.5


SKY COVER
  POSSIBLE SUNSHINE  MM
  AVERAGE SKY COVER 0.9


WEATHER CONDITIONS
 THE FOLLOWING WEATHER WAS RECORDED TODAY.
  RAIN
  LIGHT RAIN
  FOG


RELATIVE HUMIDITY (PERCENT)
 HIGHEST   100           200 AM
 LOWEST     86           200 PM
 AVERAGE    93

..........................................................


THE WICHITA EISENHOWER NATIONAL CLIMATE NORMALS FOR TOMORROW
                         NORMAL    RECORD    YEAR
 MAXIMUM TEMPERATURE (F)   71        93      1989
 MINIMUM TEMPERATURE (F)   48        31      1907


SUNRISE AND SUNSET
APRIL 25 2018.........SUNRISE   641 AM CDT   SUNSET   814 PM CDT
APRIL 26 2018.........SUNRISE   640 AM CDT   SUNSET   815 PM CDT


-  INDICATES NEGATIVE NUMBERS.
R  INDICATES RECORD WAS SET OR TIED.
MM INDICATES DATA IS MISSING.
T  INDICATES TRACE AMOUNT.




$$
