232
CDUS45 KVEF 230827
CLIIGM


CLIMATE REPORT
NATIONAL WEATHER SERVICE LAS VEGAS, NV
126 AM PDT MON APR 23 2018


...................................

...THE KINGMAN AZ CLIMATE SUMMARY FOR APRIL 22 2018...

CLIMATE NORMAL PERIOD 1981 TO 2010
CLIMATE RECORD PERIOD 1901 TO 2018


WEATHER ITEM   OBSERVED TIME   RECORD YEAR NORMAL DEPARTURE LAST
                VALUE   (LST)  VALUE       VALUE  FROM      YEAR
                                                  NORMAL
..................................................................
TEMPERATURE (F)
 YESTERDAY
  MAXIMUM         86    358 PM  93    2012  76     10       85
  MINIMUM         50    457 AM  27    1921  46      4       45
  AVERAGE         68                        61      7       65

PRECIPITATION (IN)
  YESTERDAY        0.00          0.81 1905   0.01  -0.01     0.00
  MONTH TO DATE    T                         0.34  -0.34     0.00
  SINCE OCT 1      1.31                      5.36  -4.05     6.26
  SINCE JAN 1      1.31                      3.26  -1.95     2.70

DEGREE DAYS
 HEATING
  YESTERDAY        0                         6     -6        0
  MONTH TO DATE   84                       179    -95      126
  SINCE MAR 1    460                       597   -137      367
  SINCE JUL 1   2238                      3010   -772     2364

 COOLING
  YESTERDAY        3                         1      2        0
  MONTH TO DATE   29                        15     14        4
  SINCE MAR 1     30                        18     12       10
  SINCE JAN 1     30                        18     12       10
..................................................................


WIND (MPH)
  RESULTANT WIND SPEED   5   RESULTANT WIND DIRECTION   S (200)
  HIGHEST WIND SPEED    20   HIGHEST WIND DIRECTION     W (250)
  HIGHEST GUST SPEED    24   HIGHEST GUST DIRECTION    SW (240)
  AVERAGE WIND SPEED     7.5


SKY COVER
  POSSIBLE SUNSHINE  MM
  AVERAGE SKY COVER 0.0


WEATHER CONDITIONS
 THE FOLLOWING WEATHER WAS RECORDED YESTERDAY.
  NO SIGNIFICANT WEATHER WAS OBSERVED.


RELATIVE HUMIDITY (PERCENT)
 HIGHEST    32           500 AM
 LOWEST     10           100 PM
 AVERAGE    21

..........................................................


THE KINGMAN AZ CLIMATE NORMALS FOR TODAY
                         NORMAL    RECORD    YEAR
 MAXIMUM TEMPERATURE (F)   76        93      2012
                                             1949
 MINIMUM TEMPERATURE (F)   46        28      1904


SUNRISE AND SUNSET
APRIL 23 2018.........SUNRISE   553 AM MST   SUNSET   715 PM MST
APRIL 24 2018.........SUNRISE   552 AM MST   SUNSET   716 PM MST


-  INDICATES NEGATIVE NUMBERS.
R  INDICATES RECORD WAS SET OR TIED.
MM INDICATES DATA IS MISSING.
T  INDICATES TRACE AMOUNT.




$$
