000
CDUS43 KDVN 232126
CLIIOW


CLIMATE REPORT
NATIONAL WEATHER SERVICE QUAD CITIES IA IL
426 PM CDT WED MAY 23 2018


...................................

...THE IOWA CITY IA CLIMATE SUMMARY FOR MAY 23 2018...
VALID TODAY AS OF 0400 PM LOCAL TIME.

CLIMATE NORMAL PERIOD 1981 TO 2010
CLIMATE RECORD PERIOD 9999 TO 9999


WEATHER ITEM   OBSERVED TIME   RECORD YEAR NORMAL DEPARTURE LAST
                VALUE   (LST)  VALUE       VALUE  FROM      YEAR
                                                  NORMAL
..................................................................
TEMPERATURE (F)
 TODAY
  MAXIMUM         85    254 PM  MM      MM  75     10       66
  MINIMUM         62    512 AM  MM      MM  54      8       48
  AVERAGE         74                        64     10       57

PRECIPITATION (IN)
  TODAY            0.01         MM      MM   0.15  -0.14      T
  MONTH TO DATE    2.79                      3.23  -0.44     2.87
  SINCE MAR 1      6.61                      8.95  -2.34    10.69
  SINCE JAN 1      9.45                     11.11  -1.66    13.09

DEGREE DAYS
 HEATING
  TODAY            0                         4     -4        8
  MONTH TO DATE   32                       148   -116      137
  SINCE MAR 1   1551                      1391    160     1200
  SINCE JUL 1   6260                      6341    -81     5095

 COOLING
  TODAY            9                         3      6        0
  MONTH TO DATE   66                        30     36       39
  SINCE MAR 1     66                        34     32       50
  SINCE JAN 1     66                        34     32       50
..................................................................


WIND (MPH)
  HIGHEST WIND SPEED    14   HIGHEST WIND DIRECTION     S (200)
  HIGHEST GUST SPEED    20   HIGHEST GUST DIRECTION     S (170)
  AVERAGE WIND SPEED     5.4


SKY COVER
  POSSIBLE SUNSHINE  MM
  AVERAGE SKY COVER 0.5


WEATHER CONDITIONS
 THE FOLLOWING WEATHER WAS RECORDED TODAY.
  LIGHT RAIN


RELATIVE HUMIDITY (PERCENT)
 HIGHEST    93           500 AM
 LOWEST     51           300 PM
 AVERAGE    72

..........................................................


THE IOWA CITY IA CLIMATE NORMALS FOR TOMORROW
                         NORMAL    RECORD    YEAR
 MAXIMUM TEMPERATURE (F)   75        MM        MM
 MINIMUM TEMPERATURE (F)   54        MM        MM


SUNRISE AND SUNSET
MAY 23 2018...........SUNRISE   540 AM CDT   SUNSET   827 PM CDT
MAY 24 2018...........SUNRISE   539 AM CDT   SUNSET   828 PM CDT


-  INDICATES NEGATIVE NUMBERS.
R  INDICATES RECORD WAS SET OR TIED.
MM INDICATES DATA IS MISSING.
T  INDICATES TRACE AMOUNT.




$$
