000
CDHW43 PHFO 240226
CLIITO


CLIMATE REPORT
NATIONAL WEATHER SERVICE HONOLULU HI
426 PM HST MON APR 23 2018


...................................

...THE HILO HI CLIMATE SUMMARY FOR APRIL 23 2018...
VALID TODAY AS OF 0400 PM LOCAL TIME.

CLIMATE NORMAL PERIOD 1981 TO 2010
CLIMATE RECORD PERIOD 1946 TO 2018


WEATHER ITEM   OBSERVED TIME   RECORD YEAR NORMAL DEPARTURE LAST
                VALUE   (LST)  VALUE       VALUE  FROM      YEAR
                                                  NORMAL
..................................................................
TEMPERATURE (F)
 TODAY
  MAXIMUM         81   1203 PM  86    1997  79      2       83
  MINIMUM         67    500 AM  61    1991  66      1       67
  AVERAGE         74                        72      2       75

PRECIPITATION (IN)
  TODAY            0.02          9.66 1971   0.36  -0.34     0.00
  MONTH TO DATE    9.52                      9.21   0.31     4.15
  SINCE MAR 1     20.45                     22.64  -2.19     7.55
  SINCE JAN 1     50.53                     41.46   9.07    26.04

SNOWFALL (IN)
  TODAY            0.0
  MONTH TO DATE    0.0
  SINCE MAR 1      0.0
  SINCE JUL 1      0.0
  SNOW DEPTH      MM

DEGREE DAYS
 HEATING
  TODAY            0                         0      0        0
  MONTH TO DATE    0                         0      0        0
  SINCE MAR 1      0                         0      0        0
  SINCE JUL 1      0                         0      0        0

 COOLING
  TODAY            9                         7      2       10
  MONTH TO DATE  238                       161     77      214
  SINCE MAR 1    524                       372    152      516
  SINCE JAN 1   1032                       742    290      925
..................................................................


WIND (MPH)
  HIGHEST WIND SPEED    17   HIGHEST WIND DIRECTION    NE (60)
  HIGHEST GUST SPEED    21   HIGHEST GUST DIRECTION    NE (60)
  AVERAGE WIND SPEED    MM


SKY COVER
  POSSIBLE SUNSHINE  MM
  AVERAGE SKY COVER  MM


WEATHER CONDITIONS
 THE FOLLOWING WEATHER WAS RECORDED TODAY.
  FOG


RELATIVE HUMIDITY (PERCENT)
 HIGHEST    MM
 LOWEST     MM
 AVERAGE    MM

..........................................................


THE HILO HI CLIMATE NORMALS FOR TOMORROW
                         NORMAL    RECORD    YEAR
 MAXIMUM TEMPERATURE (F)   79        85      1980
                                             1965
 MINIMUM TEMPERATURE (F)   66        63      2010
                                             2002
                                             1979


SUNRISE AND SUNSET
APRIL 23 2018.........SUNRISE   556 AM HST   SUNSET   641 PM HST
APRIL 24 2018.........SUNRISE   556 AM HST   SUNSET   641 PM HST


-  INDICATES NEGATIVE NUMBERS.
R  INDICATES RECORD WAS SET OR TIED.
MM INDICATES DATA IS MISSING.
T  INDICATES TRACE AMOUNT.




$$
