000
CDUS45 KGGW 230742
CLIJDN


CLIMATE REPORT
NATIONAL WEATHER SERVICE GLASGOW MT
142 AM MDT WED MAY 23 2018


...................................

...THE JORDAN  ASOS MT CLIMATE SUMMARY FOR MAY 22 2018...

CLIMATE NORMAL PERIOD 1981 TO 2010
CLIMATE RECORD PERIOD 9999 TO 9999


WEATHER ITEM   OBSERVED TIME   RECORD YEAR NORMAL DEPARTURE LAST
                VALUE   (LST)  VALUE       VALUE  FROM      YEAR
                                                  NORMAL
..................................................................
TEMPERATURE (F)
 YESTERDAY
  MAXIMUM         77    212 PM  MM      MM  68      9       71
  MINIMUM         53   1159 PM  MM      MM  41     12       38
  AVERAGE         65                        54     11       55

PRECIPITATION (IN)
  YESTERDAY        0.03         MM      MM   0.08  -0.05     0.04
  MONTH TO DATE    1.18                      1.33  -0.15     0.29
  SINCE OCT 1      7.20                      4.95   2.25     5.72
  SINCE JAN 1      5.26                      3.41   1.85     2.51

SNOWFALL (IN)
  YESTERDAY        0.0          MM      MM  MM     MM       MM
  MONTH TO DATE    0.0                      MM     MM        0.0
  SINCE MAR 1      0.0                      MM     MM        0.0
  SINCE JUL 1      0.0                      MM     MM        0.0
  SNOW DEPTH       0

DEGREE DAYS
 HEATING
  YESTERDAY        0                        11    -11       10
  MONTH TO DATE  168                       305   -137      238
  SINCE MAR 1   2179                      1921    258     1683
  SINCE JUL 1   8759                      8039    720     7429

 COOLING
  YESTERDAY        0                         0      0        0
  MONTH TO DATE    4                         0      4       12
  SINCE MAR 1      4                         0      4       12
  SINCE JAN 1      4                         0      4       12
..................................................................


WIND (MPH)
  HIGHEST WIND SPEED    20   HIGHEST WIND DIRECTION    SE (140)
  HIGHEST GUST SPEED    23   HIGHEST GUST DIRECTION     W (260)
  AVERAGE WIND SPEED     4.6


SKY COVER
  POSSIBLE SUNSHINE  MM
  AVERAGE SKY COVER 0.0


WEATHER CONDITIONS
 THE FOLLOWING WEATHER WAS RECORDED YESTERDAY.
  NO SIGNIFICANT WEATHER WAS OBSERVED.


RELATIVE HUMIDITY (PERCENT)
 HIGHEST    89          1100 PM
 LOWEST     43          1200 PM
 AVERAGE    66

..........................................................


THE JORDAN  ASOS MT CLIMATE NORMALS FOR TODAY
                         NORMAL    RECORD    YEAR
 MAXIMUM TEMPERATURE (F)   69        MM        MM
 MINIMUM TEMPERATURE (F)   41        MM        MM


SUNRISE AND SUNSET
MAY 23 2018...........SUNRISE   522 AM MDT   SUNSET   847 PM MDT
MAY 24 2018...........SUNRISE   521 AM MDT   SUNSET   848 PM MDT


-  INDICATES NEGATIVE NUMBERS.
R  INDICATES RECORD WAS SET OR TIED.
MM INDICATES DATA IS MISSING.
T  INDICATES TRACE AMOUNT.




$$
