885
CDUS41 KOKX 230619
CLIJFK


CLIMATE REPORT
NATIONAL WEATHER SERVICE NEW YORK NY
219 AM EDT WED MAY 23 2018


...................................

...THE KENNEDY NY CLIMATE SUMMARY FOR MAY 22 2018...

CLIMATE NORMAL PERIOD 1981 TO 2010
CLIMATE RECORD PERIOD 1948 TO 2018


WEATHER ITEM   OBSERVED TIME   RECORD YEAR NORMAL DEPARTURE LAST
                VALUE   (LST)  VALUE       VALUE  FROM      YEAR
                                                  NORMAL
..................................................................
TEMPERATURE (F)
 YESTERDAY
  MAXIMUM         65   1108 AM  94    1992  70     -5       63
  MINIMUM         56    154 AM  43    1990  55      1       55
  AVERAGE         61                        62     -1       59

PRECIPITATION (IN)
  YESTERDAY        0.17          1.56 1949   0.14   0.03     0.65
  MONTH TO DATE    2.95                      2.66   0.29     4.16
  SINCE MAR 1     11.33                     10.31   1.02    14.01
  SINCE JAN 1     19.10                     16.06   3.04    20.23

SNOWFALL (IN)
  YESTERDAY        0.0          MM      MM   0.0    0.0      0.0
  MONTH TO DATE    0.0                       0.0    0.0      0.0
  SINCE OCT 1     35.5                      23.8   11.7     30.9
  SINCE JUL 1     35.5                      23.8   11.7     30.9
  SNOW DEPTH       0

DEGREE DAYS
 HEATING
  YESTERDAY        4                         4      0        6
  MONTH TO DATE   84                       141    -57      148
  SINCE MAR 1   1405                      1281    124     1236
  SINCE JUL 1   4784                      4792     -8     4154

 COOLING
  YESTERDAY        0                         1     -1        0
  MONTH TO DATE   21                        13      8       33
  SINCE MAR 1     21                        16      5       45
  SINCE JAN 1     21                        16      5       45
..................................................................


WIND (MPH)
  HIGHEST WIND SPEED    14   HIGHEST WIND DIRECTION     S (170)
  HIGHEST GUST SPEED    16   HIGHEST GUST DIRECTION     S (170)
  AVERAGE WIND SPEED     5.6


SKY COVER
  POSSIBLE SUNSHINE  MM
  AVERAGE SKY COVER 1.0


WEATHER CONDITIONS
 THE FOLLOWING WEATHER WAS RECORDED YESTERDAY.
  RAIN
  LIGHT RAIN
  FOG


RELATIVE HUMIDITY (PERCENT)
 HIGHEST   100           900 PM
 LOWEST     67           900 AM
 AVERAGE    84

..........................................................


THE KENNEDY NY CLIMATE NORMALS FOR TODAY
                         NORMAL    RECORD    YEAR
 MAXIMUM TEMPERATURE (F)   71        89      1980
                                             1964
 MINIMUM TEMPERATURE (F)   55        44      1963


SUNRISE AND SUNSET
MAY 23 2018...........SUNRISE   532 AM EDT   SUNSET   813 PM EDT
MAY 24 2018...........SUNRISE   531 AM EDT   SUNSET   814 PM EDT


-  INDICATES NEGATIVE NUMBERS.
R  INDICATES RECORD WAS SET OR TIED.
MM INDICATES DATA IS MISSING.
T  INDICATES TRACE AMOUNT.




$$
