000
CDUS43 KIND 270540
CLILAF


CLIMATE REPORT
NATIONAL WEATHER SERVICE INDIANAPOLIS IN
140 AM EDT FRI APR 27 2018


...................................

...THE LAFAYETTE IN CLIMATE SUMMARY FOR APRIL 26 2018...

CLIMATE NORMAL PERIOD 1981 TO 2010
CLIMATE RECORD PERIOD 9999 TO 9999


WEATHER ITEM   OBSERVED TIME   NORMAL DEPARTURE LAST
                VALUE   (LST)  VALUE  FROM      YEAR
                                      NORMAL
......................................................
TEMPERATURE (F)
 YESTERDAY
  MAXIMUM         65    609 PM  67     -2       82
  MINIMUM         29    539 AM  44    -15       59
  AVERAGE         47            55     -8       71

PRECIPITATION (IN)
  YESTERDAY        0.00          0.12  -0.12    MM
  MONTH TO DATE    2.95          3.02  -0.07     2.30
  SINCE MAR 1      6.00          5.69   0.31     5.97
  SINCE JAN 1     12.18          9.31   2.87    10.87

DEGREE DAYS
 HEATING
  YESTERDAY       18            10      8        0
  MONTH TO DATE  560           368    192      239
  SINCE MAR 1   1439          1119    320      963
  SINCE JUL 1   5865          5453    412     4651

 COOLING
  YESTERDAY        0             1     -1        6
  MONTH TO DATE    2             8     -6       13
  SINCE MAR 1      2             9     -7       14
  SINCE JAN 1      2             9     -7       14
......................................................


WIND (MPH)
  HIGHEST WIND SPEED    13   HIGHEST WIND DIRECTION     N (10)
  HIGHEST GUST SPEED    17   HIGHEST GUST DIRECTION    NE (30)
  AVERAGE WIND SPEED     2.4


SKY COVER
  AVERAGE SKY COVER 0.0


WEATHER CONDITIONS
 THE FOLLOWING WEATHER WAS RECORDED YESTERDAY.
  NO SIGNIFICANT WEATHER WAS OBSERVED.


RELATIVE HUMIDITY (PERCENT)
 HIGHEST   100           600 AM
 LOWEST     28           600 PM
 AVERAGE    64

..........................................................


THE LAFAYETTE IN CLIMATE NORMALS FOR TODAY
                         NORMAL
 MAXIMUM TEMPERATURE (F)   67
 MINIMUM TEMPERATURE (F)   44


SUNRISE AND SUNSET
APRIL 27 2018.........SUNRISE   652 AM EDT   SUNSET   839 PM EDT
APRIL 28 2018.........SUNRISE   651 AM EDT   SUNSET   840 PM EDT


-  INDICATES NEGATIVE NUMBERS.
R  INDICATES RECORD WAS SET OR TIED.
MM INDICATES DATA IS MISSING.
T  INDICATES TRACE AMOUNT.




$$
