000
CDUS45 KVEF 250826
CLILAS


CLIMATE REPORT
NATIONAL WEATHER SERVICE LAS VEGAS, NV
126 AM PDT FRI MAY 25 2018


...................................

...THE LAS VEGAS NV CLIMATE SUMMARY FOR MAY 24 2018...

CLIMATE NORMAL PERIOD 1981 TO 2010
CLIMATE RECORD PERIOD 1937 TO 2018


WEATHER ITEM   OBSERVED TIME   RECORD YEAR NORMAL DEPARTURE LAST
                VALUE   (LST)  VALUE       VALUE  FROM      YEAR
                                                  NORMAL
..................................................................
TEMPERATURE (F)
 YESTERDAY
  MAXIMUM         93    411 PM 105    2001  92      1      102
  MINIMUM         70    505 AM  46    1939  68      2       79
  AVERAGE         82                        80      2       91

PRECIPITATION (IN)
  YESTERDAY        0.00          0.31 1965   0.00   0.00     0.00
  MONTH TO DATE    0.24                      0.09   0.15     0.08
  SINCE OCT 1      1.98                      3.11  -1.13     2.65
  SINCE JAN 1      1.98                      1.98   0.00     1.59

SNOWFALL (IN)
  YESTERDAY        0.0           0.0    MM   0.0    0.0      0.0
  MONTH TO DATE    0.0                       0.0    0.0      0.0
  SINCE MAR 1      0.0                       0.0    0.0      0.0
  SINCE JUL 1      0.0                       0.3   -0.3      0.0
  SNOW DEPTH       0

DEGREE DAYS
 HEATING
  YESTERDAY        0                         0      0        0
  MONTH TO DATE   12                         4      8        7
  SINCE MAR 1    194                       256    -62       98
  SINCE JUL 1   1313                      1947   -634     1470

 COOLING
  YESTERDAY       17                        15      2       26
  MONTH TO DATE  328                       277     51      259
  SINCE MAR 1    590                       436    154      534
  SINCE JAN 1    590                       437    153      537
..................................................................


WIND (MPH)
  RESULTANT WIND SPEED   6   RESULTANT WIND DIRECTION  SE (150)
  HIGHEST WIND SPEED    16   HIGHEST WIND DIRECTION    SE (130)
  HIGHEST GUST SPEED    23   HIGHEST GUST DIRECTION    SE (120)
  AVERAGE WIND SPEED     7.0


SKY COVER
  POSSIBLE SUNSHINE  MM
  AVERAGE SKY COVER 0.1


WEATHER CONDITIONS
 THE FOLLOWING WEATHER WAS RECORDED YESTERDAY.
  NO SIGNIFICANT WEATHER WAS OBSERVED.


RELATIVE HUMIDITY (PERCENT)
 HIGHEST    29           600 AM
 LOWEST      8           700 PM
 AVERAGE    19

..........................................................


THE LAS VEGAS NV CLIMATE NORMALS FOR TODAY
                         NORMAL    RECORD    YEAR
 MAXIMUM TEMPERATURE (F)   92       105      2001
                                             1951
 MINIMUM TEMPERATURE (F)   68        47      1977
                                             1965


SUNRISE AND SUNSET
MAY 25 2018...........SUNRISE   528 AM PDT   SUNSET   748 PM PDT
MAY 26 2018...........SUNRISE   528 AM PDT   SUNSET   748 PM PDT


-  INDICATES NEGATIVE NUMBERS.
R  INDICATES RECORD WAS SET OR TIED.
MM INDICATES DATA IS MISSING.
T  INDICATES TRACE AMOUNT.




$$
