000
CDUS43 KLBF 250959
CLILBF


CLIMATE REPORT
NATIONAL WEATHER SERVICE NORTH PLATTE
458 AM CDT WED APR 25 2018


...................................

...THE NORTH PLATTE NE CLIMATE SUMMARY FOR APRIL 24 2018...

CLIMATE NORMAL PERIOD 1981 TO 2010
CLIMATE RECORD PERIOD 1874 TO 2018


WEATHER ITEM   OBSERVED TIME   RECORD YEAR NORMAL DEPARTURE LAST
                VALUE   (LST)  VALUE       VALUE  FROM      YEAR
                                                  NORMAL
..................................................................
TEMPERATURE (F)
 YESTERDAY
  MAXIMUM         54   1232 AM  93    2012  65    -11       74
  MINIMUM         37   1159 PM  14    2013  36      1       46
  AVERAGE         46                        50     -4       60

PRECIPITATION (IN)
  YESTERDAY        0.21          1.78 1935   0.08   0.13      T
  MONTH TO DATE    1.46                      1.73  -0.27     0.31
  SINCE MAR 1      2.17                      2.78  -0.61     2.13
  SINCE JAN 1      4.07                      3.62   0.45     3.32

SNOWFALL (IN)
  YESTERDAY        0.0           2.3  1907   0.1   -0.1      0.0
  MONTH TO DATE    9.5                       3.0    6.5      0.0
  SINCE MAR 1     12.6                       7.4    5.2       T
  SINCE JUL 1     49.1                      28.3   20.8     20.3
  SNOW DEPTH       0

DEGREE DAYS
 HEATING
  YESTERDAY       19                        15      4        5
  MONTH TO DATE  597                       444    153      284
  SINCE MAR 1   1380                      1281     99      935
  SINCE JUL 1   6406                      6309     97     5257

 COOLING
  YESTERDAY        0                         0      0        0
  MONTH TO DATE    0                         0      0        2
  SINCE MAR 1      0                         0      0        2
  SINCE JAN 1      0                         0      0        2
..................................................................


WIND (MPH)
  HIGHEST WIND SPEED    24   HIGHEST WIND DIRECTION     N (10)
  HIGHEST GUST SPEED    33   HIGHEST GUST DIRECTION     N (20)
  AVERAGE WIND SPEED    14.4


SKY COVER
  POSSIBLE SUNSHINE  MM
  AVERAGE SKY COVER 1.0


WEATHER CONDITIONS
 THE FOLLOWING WEATHER WAS RECORDED YESTERDAY.
  LIGHT RAIN
  FOG


RELATIVE HUMIDITY (PERCENT)
 HIGHEST    92          1100 AM
 LOWEST     71           100 AM
 AVERAGE    82

..........................................................


THE NORTH PLATTE NE CLIMATE NORMALS FOR TODAY
                         NORMAL    RECORD    YEAR
 MAXIMUM TEMPERATURE (F)   65        89      1962
                                             1949
 MINIMUM TEMPERATURE (F)   36        18      2002


SUNRISE AND SUNSET
APRIL 25 2018.........SUNRISE   649 AM CDT   SUNSET   833 PM CDT
APRIL 26 2018.........SUNRISE   647 AM CDT   SUNSET   835 PM CDT


-  INDICATES NEGATIVE NUMBERS.
R  INDICATES RECORD WAS SET OR TIED.
MM INDICATES DATA IS MISSING.
T  INDICATES TRACE AMOUNT.




$$
