000
CDUS42 KILM 202041
CLILBT


CLIMATE REPORT
NATIONAL WEATHER SERVICE WILMINGTON NC
441 PM EDT SUN MAY 20 2018


...................................

...THE LUMBERTON NORTH CAROLINA CLIMATE SUMMARY FOR MAY 20 2018...
VALID TODAY AS OF 0400 PM LOCAL TIME.

CLIMATE NORMAL PERIOD 1981 TO 2010
CLIMATE RECORD PERIOD 1903 TO 2018


WEATHER ITEM   OBSERVED TIME   RECORD YEAR NORMAL DEPARTURE LAST
                VALUE   (LST)  VALUE       VALUE  FROM      YEAR
                                                  NORMAL
..................................................................
TEMPERATURE (F)
 TODAY
  MAXIMUM         86   1248 PM  98    2000  83      3       93
                                      1927
                                      1906
  MINIMUM         69    529 AM  42    2002  59     10       67
  AVERAGE         78                        71      7       80

PRECIPITATION (IN)
  TODAY            0.00          3.29 1980   0.10  -0.10     0.00
  MONTH TO DATE    0.64                      1.73  -1.09     1.76
  SINCE MAR 1      6.46                      7.88  -1.42    11.73
  SINCE JAN 1      9.47                     13.75  -4.28    15.22

DEGREE DAYS
 HEATING
  TODAY            0                         1     -1        0
  MONTH TO DATE    2                        30    -28       14
  SINCE MAR 1    657                       529    128      432
  SINCE JUL 1   2745                      2759    -14     2079

 COOLING
  TODAY           13                         7      6       15
  MONTH TO DATE  170                        93     77      123
  SINCE MAR 1    204                       158     46      272
  SINCE JAN 1    249                       161     88      282
..................................................................


WIND (MPH)
  RESULTANT WIND SPEED   4   RESULTANT WIND DIRECTION   S (200)
  HIGHEST WIND SPEED    13   HIGHEST WIND DIRECTION    SW (230)
  HIGHEST GUST SPEED    15   HIGHEST GUST DIRECTION    SW (230)
  AVERAGE WIND SPEED     4.7


SKY COVER
  POSSIBLE SUNSHINE  MM
  AVERAGE SKY COVER 0.8


WEATHER CONDITIONS
 THE FOLLOWING WEATHER WAS RECORDED TODAY.
  FOG


RELATIVE HUMIDITY (PERCENT)
 HIGHEST   100           500 AM
 LOWEST     59           100 PM
 AVERAGE    80

..........................................................


THE LUMBERTON NORTH CAROLINA CLIMATE NORMALS FOR TOMORROW
                         NORMAL    RECORD    YEAR
 MAXIMUM TEMPERATURE (F)   83        97      1933
 MINIMUM TEMPERATURE (F)   59        42      2002


SUNRISE AND SUNSET
MAY 20 2018...........SUNRISE   610 AM EDT   SUNSET   816 PM EDT
MAY 21 2018...........SUNRISE   610 AM EDT   SUNSET   817 PM EDT


-  INDICATES NEGATIVE NUMBERS.
R  INDICATES RECORD WAS SET OR TIED.
MM INDICATES DATA IS MISSING.
T  INDICATES TRACE AMOUNT.




$$
