000
CDUS44 KSHV 270736
CLILFK


CLIMATE REPORT
NATIONAL WEATHER SERVICE SHREVEPORT, LA
236 AM CDT SUN MAY 27 2018


...................................

...THE LUFKIN CLIMATE SUMMARY FOR MAY 26 2018...

CLIMATE NORMAL PERIOD 1981 TO 2010
CLIMATE RECORD PERIOD 1906 TO 2018


WEATHER ITEM   OBSERVED TIME   RECORD YEAR NORMAL DEPARTURE LAST
                VALUE   (LST)  VALUE       VALUE  FROM      YEAR
                                                  NORMAL
..................................................................
TEMPERATURE (F)
 YESTERDAY
  MAXIMUM         93    312 PM  96    2010  87      6       89
  MINIMUM         68   1159 PM  51    1979  66      2       66
  AVERAGE         81                        77      4       78

PRECIPITATION (IN)
  YESTERDAY        T             3.50 2016   0.16  -0.16     0.00
  MONTH TO DATE    1.09                      3.81  -2.72     5.59
  SINCE DEC 1     24.38                     23.13   1.25    26.16
  SINCE JAN 1     20.77                     18.69   2.08    21.25

SNOWFALL (IN)
  YESTERDAY        0.0
  MONTH TO DATE    0.0
  SINCE MAR 1      0.0
  SINCE JUL 1      1.1
  SNOW DEPTH       0

DEGREE DAYS
 HEATING
  YESTERDAY        0                         0      0        0
  MONTH TO DATE    0                         1     -1        6
  SINCE MAR 1    232                       280    -48      169
  SINCE JUL 1   1852                      1914    -62     1145

 COOLING
  YESTERDAY       16                        12      4       13
  MONTH TO DATE  321                       230     91      160
  SINCE MAR 1    470                       387     83      378
  SINCE JAN 1    513                       406    107      460
..................................................................


WIND (MPH)
  HIGHEST WIND SPEED    25   HIGHEST WIND DIRECTION     E (110)
  HIGHEST GUST SPEED    33   HIGHEST GUST DIRECTION     E (110)
  AVERAGE WIND SPEED     4.8


SKY COVER
  POSSIBLE SUNSHINE  MM
  AVERAGE SKY COVER 0.2


WEATHER CONDITIONS
 THE FOLLOWING WEATHER WAS RECORDED YESTERDAY.
  NO SIGNIFICANT WEATHER WAS OBSERVED.


RELATIVE HUMIDITY (PERCENT)
 HIGHEST   100           500 AM
 LOWEST     49           500 PM
 AVERAGE    75

..........................................................


THE LUFKIN CLIMATE NORMALS FOR TODAY
                         NORMAL    RECORD    YEAR
 MAXIMUM TEMPERATURE (F)   87        98      1958
 MINIMUM TEMPERATURE (F)   66        48      1988


SUNRISE AND SUNSET
MAY 27 2018...........SUNRISE   617 AM CDT   SUNSET   816 PM CDT
MAY 28 2018...........SUNRISE   617 AM CDT   SUNSET   816 PM CDT


-  INDICATES NEGATIVE NUMBERS.
R  INDICATES RECORD WAS SET OR TIED.
MM INDICATES DATA IS MISSING.
T  INDICATES TRACE AMOUNT.




$$
