000
CDUS46 KMFR 190838
CLILMT


CLIMATE REPORT
NATIONAL WEATHER SERVICE MEDFORD, OR
138 AM PDT THU APR 19 2018


...................................

...THE KLAMATH FALLS OR CLIMATE SUMMARY FOR APRIL 18 2018...

CLIMATE NORMAL PERIOD 1981 TO 2010
CLIMATE RECORD PERIOD 1928 TO 2018


WEATHER ITEM   OBSERVED TIME   RECORD YEAR NORMAL DEPARTURE LAST
                VALUE   (LST)  VALUE       VALUE  FROM      YEAR
                                                  NORMAL
..................................................................
TEMPERATURE (F)
 YESTERDAY
  MAXIMUM         46   1000 AM  77    2016  57    -11       56
  MINIMUM         31    527 AM  17    1967  30      1       36
  AVERAGE         39                        44     -5       46

PRECIPITATION (IN)
  YESTERDAY        0.01          0.43 2001   0.05  -0.04     0.10
  MONTH TO DATE    1.24                      0.70   0.54     0.47
  SINCE OCT 1      5.92                     10.43  -4.51    10.31
  SINCE JAN 1      3.67                      5.74  -2.07     5.56

SNOWFALL (IN)
  YESTERDAY       MM                        MM     MM       MM
  MONTH TO DATE   MM                        MM     MM       MM
  SINCE JUL 1     MM                        MM     MM       MM
  SNOW DEPTH      MM

DEGREE DAYS
 HEATING
  YESTERDAY       26                        21      5       19
  MONTH TO DATE  415                       422     -7      418
  SINCE MAR 1   1272                      1243     29     1125
  SINCE JUL 1   5701                      6084   -383     5963

 COOLING
  YESTERDAY        0                         0      0        0
  MONTH TO DATE    0                         0      0        0
  SINCE MAR 1      0                         0      0        0
  SINCE JAN 1      0                         0      0        0
..................................................................


WIND (MPH)
  HIGHEST WIND SPEED    20   HIGHEST WIND DIRECTION     W (290)
  HIGHEST GUST SPEED    22   HIGHEST GUST DIRECTION     W (290)
  AVERAGE WIND SPEED     4.9


SKY COVER
  POSSIBLE SUNSHINE  MM
  AVERAGE SKY COVER 0.8


WEATHER CONDITIONS
 THE FOLLOWING WEATHER WAS RECORDED YESTERDAY.
  LIGHT RAIN


RELATIVE HUMIDITY (PERCENT)
 HIGHEST    96          1100 PM
 LOWEST     41          1100 AM

..........................................................


THE KLAMATH FALLS OR CLIMATE NORMALS FOR TODAY
                         NORMAL    RECORD    YEAR
 MAXIMUM TEMPERATURE (F)   57        78      2016
                                             1950
 MINIMUM TEMPERATURE (F)   30        18      1979


SUNRISE AND SUNSET
APRIL 19 2018.........SUNRISE   620 AM PDT   SUNSET   753 PM PDT
APRIL 20 2018.........SUNRISE   618 AM PDT   SUNSET   754 PM PDT


-  INDICATES NEGATIVE NUMBERS.
R  INDICATES RECORD WAS SET OR TIED.
MM INDICATES DATA IS MISSING.
T  INDICATES TRACE AMOUNT.




$$
