000
CDUS43 KLMK 220627
CLILOU


CLIMATE REPORT
NATIONAL WEATHER SERVICE LOUISVILLE KY
226 AM EDT TUE MAY 22 2018


...................................

...THE LOUISVILLE BOWMAN KY CLIMATE SUMMARY FOR MAY 21 2018...

CLIMATE NORMAL PERIOD 1981 TO 2010
CLIMATE RECORD PERIOD 9999 TO 9999


WEATHER ITEM   OBSERVED TIME   RECORD YEAR NORMAL DEPARTURE LAST
                VALUE   (LST)  VALUE       VALUE  FROM      YEAR
                                                  NORMAL
..................................................................
TEMPERATURE (F)
 YESTERDAY
  MAXIMUM         87    454 PM  MM      MM  78      9       82
  MINIMUM         67    631 AM  MM      MM  58      9       65
  AVERAGE         77                        68      9       74

PRECIPITATION (IN)
  YESTERDAY        0.02         MM      MM   0.17  -0.15     0.85
  MONTH TO DATE    2.43                      3.64  -1.21     3.89
  SINCE MAR 1     10.84                     11.88  -1.04    12.58
  SINCE JAN 1     22.71                     18.44   4.27    18.60

SNOWFALL (IN)
  YESTERDAY       MM            MM      MM  MM     MM       MM
  MONTH TO DATE   MM                        MM     MM       MM
  SINCE MAR 1     MM                        MM     MM       MM
  SINCE JUL 1     MM                        MM     MM       MM
  SNOW DEPTH      MM

DEGREE DAYS
 HEATING
  YESTERDAY        0                         2     -2        0
  MONTH TO DATE    1                        63    -62       75
  SINCE MAR 1   1032                       893    139      657
  SINCE JUL 1   4294                      4254     40     3219

 COOLING
  YESTERDAY       12                         4      8        9
  MONTH TO DATE  180                        58    122      107
  SINCE MAR 1    196                        92    104      204
  SINCE JAN 1    206                        92    114      207
..................................................................


WIND (MPH)
  HIGHEST WIND SPEED    20   HIGHEST WIND DIRECTION     W (280)
  HIGHEST GUST SPEED    29   HIGHEST GUST DIRECTION     W (270)
  AVERAGE WIND SPEED     4.8


SKY COVER
  POSSIBLE SUNSHINE  MM
  AVERAGE SKY COVER 0.2


WEATHER CONDITIONS
 THE FOLLOWING WEATHER WAS RECORDED YESTERDAY.
  THUNDERSTORM
  RAIN
  FOG


RELATIVE HUMIDITY (PERCENT)
 HIGHEST    93           500 AM
 LOWEST     48           200 PM
 AVERAGE    71

..........................................................


THE LOUISVILLE BOWMAN KY CLIMATE NORMALS FOR TODAY
                         NORMAL
 MAXIMUM TEMPERATURE (F)   78
 MINIMUM TEMPERATURE (F)   58


SUNRISE AND SUNSET
MAY 22 2018...........SUNRISE   626 AM EDT   SUNSET   853 PM EDT
MAY 23 2018...........SUNRISE   626 AM EDT   SUNSET   853 PM EDT


-  INDICATES NEGATIVE NUMBERS.
R  INDICATES RECORD WAS SET OR TIED.
MM INDICATES DATA IS MISSING.
T  INDICATES TRACE AMOUNT.




$$
