000
CDUS43 KJKL 250543
CLILOZ

CLIMATE REPORT
NATIONAL WEATHER SERVICE JACKSON KY
143 AM EDT WED APR 25 2018

...................................

...THE LONDON KY CLIMATE SUMMARY FOR APRIL 24 2018...

CLIMATE NORMAL PERIOD 1981 TO 2010
CLIMATE RECORD PERIOD 1954 TO 2018


WEATHER ITEM   OBSERVED TIME   RECORD YEAR NORMAL DEPARTURE LAST
                VALUE   (LST)  VALUE       VALUE  FROM      YEAR
                                                  NORMAL
..................................................................

TEMPERATURE (F)
 YESTERDAY
  MAXIMUM         64    333 PM  89    2009  71     -7       67
  MINIMUM         52    834 AM  28    1986  47      5       51
  AVERAGE         58                        59     -1       59

PRECIPITATION (IN)
  YESTERDAY        0.84          1.42 2010   0.15   0.69     0.00
  MONTH TO DATE    5.23                      3.20   2.03     5.09
  SINCE MAR 1      9.93                      7.25   2.68    10.12
  SINCE JAN 1     20.37                     14.50   5.87    15.44

SNOWFALL (IN)
  YESTERDAY       MM
  MONTH TO DATE   MM
  SINCE MAR 1     MM
  SINCE JUL 1     MM
  SNOW DEPTH      MM

DEGREE DAYS
 HEATING
  YESTERDAY        7                         7      0        6
  MONTH TO DATE  345                       239    106      122
  SINCE MAR 1    957                       788    169      635

 COOLING
  YESTERDAY        0                         1     -1        0
  MONTH TO DATE    5                        16    -11       28
  SINCE MAR 1      5                        19    -14       31
  SINCE JAN 1     13                        19     -6       31
..................................................................

WIND (MPH)
  HIGHEST WIND SPEED    12   HIGHEST WIND DIRECTION    NW (330)
  HIGHEST GUST SPEED    16   HIGHEST GUST DIRECTION     E (90)
  AVERAGE WIND SPEED     4.2


SKY COVER
  POSSIBLE SUNSHINE  MM
  AVERAGE SKY COVER 0.8


WEATHER CONDITIONS
 THE FOLLOWING WEATHER WAS RECORDED YESTERDAY.
  HEAVY RAIN
  RAIN
  LIGHT RAIN
  FOG


RELATIVE HUMIDITY (PERCENT)
 HIGHEST   100           400 AM
 LOWEST     72           300 PM
 AVERAGE    86
..........................................................

THE LONDON KY CLIMATE NORMALS FOR TODAY
                         NORMAL    RECORD    YEAR
 MAXIMUM TEMPERATURE (F)   71        88      2009
 MINIMUM TEMPERATURE (F)   47        31      1967


SUNRISE AND SUNSET
APRIL 25 2018.........SUNRISE   649 AM EDT   SUNSET   820 PM EDT
APRIL 26 2018.........SUNRISE   648 AM EDT   SUNSET   821 PM EDT


-  INDICATES NEGATIVE NUMBERS.
R  INDICATES RECORD WAS SET OR TIED.
MM INDICATES DATA IS MISSING.
T  INDICATES TRACE AMOUNT.
$$
